Last updated on 2024-06-30 00:59:13 CEST.
Flavor | Version | Tinstall | Tcheck | Ttotal | Status | Flags |
---|---|---|---|---|---|---|
r-devel-linux-x86_64-debian-clang | 1.0.4 | 40.93 | 39.30 | 80.23 | NOTE | |
r-devel-linux-x86_64-debian-gcc | 1.0.4 | 29.47 | 29.71 | 59.18 | NOTE | |
r-devel-linux-x86_64-fedora-clang | 1.0.4 | 111.18 | NOTE | |||
r-devel-linux-x86_64-fedora-gcc | 1.0.4 | 128.42 | NOTE | |||
r-devel-windows-x86_64 | 1.0.4 | 32.00 | 72.00 | 104.00 | NOTE | |
r-patched-linux-x86_64 | 1.0.4 | 32.60 | 37.40 | 70.00 | NOTE | |
r-release-linux-x86_64 | 1.0.4 | 32.52 | 37.50 | 70.02 | NOTE | |
r-release-macos-arm64 | 1.0.4 | 35.00 | NOTE | |||
r-release-macos-x86_64 | 1.0.4 | 49.00 | NOTE | |||
r-release-windows-x86_64 | 1.0.4 | 33.00 | 71.00 | 104.00 | NOTE | |
r-oldrel-macos-arm64 | 1.0.4 | 37.00 | NOTE | |||
r-oldrel-macos-x86_64 | 1.0.4 | 59.00 | NOTE | |||
r-oldrel-windows-x86_64 | 1.0.4 | 38.00 | 80.00 | 118.00 | NOTE |
Version: 1.0.4
Check: C++ specification
Result: NOTE
Specified C++11: please drop specification unless essential
Flavors: r-devel-linux-x86_64-debian-clang, r-devel-linux-x86_64-debian-gcc, r-devel-linux-x86_64-fedora-clang, r-devel-linux-x86_64-fedora-gcc, r-devel-windows-x86_64, r-patched-linux-x86_64, r-release-linux-x86_64, r-release-macos-arm64, r-release-macos-x86_64, r-release-windows-x86_64, r-oldrel-macos-arm64, r-oldrel-macos-x86_64, r-oldrel-windows-x86_64