Last updated on 2024-06-30 00:59:13 CEST.
Flavor | Version | Tinstall | Tcheck | Ttotal | Status | Flags |
---|---|---|---|---|---|---|
r-devel-linux-x86_64-debian-clang | 3.5.0.2 | 15.08 | 136.11 | 151.19 | NOTE | |
r-devel-linux-x86_64-debian-gcc | 3.5.0.2 | 13.07 | 97.70 | 110.77 | NOTE | |
r-devel-linux-x86_64-fedora-clang | 3.5.0.2 | 190.59 | NOTE | |||
r-devel-linux-x86_64-fedora-gcc | 3.5.0.2 | 180.70 | NOTE | |||
r-devel-windows-x86_64 | 3.5.0.2 | 16.00 | 124.00 | 140.00 | NOTE | |
r-patched-linux-x86_64 | 3.5.0.2 | 14.41 | 128.03 | 142.44 | NOTE | |
r-release-linux-x86_64 | 3.5.0.2 | 21.31 | 133.85 | 155.16 | NOTE | |
r-release-macos-arm64 | 3.5.0.2 | 50.00 | NOTE | |||
r-release-macos-x86_64 | 3.5.0.2 | 76.00 | NOTE | |||
r-release-windows-x86_64 | 3.5.0.2 | 16.00 | 125.00 | 141.00 | NOTE | |
r-oldrel-macos-arm64 | 3.5.0.2 | 53.00 | NOTE | |||
r-oldrel-macos-x86_64 | 3.5.0.2 | 91.00 | NOTE | |||
r-oldrel-windows-x86_64 | 3.5.0.2 | 21.00 | 158.00 | 179.00 | NOTE |
Version: 3.5.0.2
Check: Rd files
Result: NOTE
checkRd: (-1) risk.display.rd:98: Escaped LaTeX specials: \$
Flavors: r-devel-linux-x86_64-debian-clang, r-devel-linux-x86_64-debian-gcc, r-devel-linux-x86_64-fedora-clang, r-devel-linux-x86_64-fedora-gcc, r-devel-windows-x86_64, r-patched-linux-x86_64, r-release-linux-x86_64, r-release-macos-arm64, r-release-macos-x86_64, r-release-windows-x86_64, r-oldrel-macos-arm64, r-oldrel-macos-x86_64, r-oldrel-windows-x86_64