Last updated on 2024-06-30 00:59:13 CEST.
Flavor | Version | Tinstall | Tcheck | Ttotal | Status | Flags |
---|---|---|---|---|---|---|
r-devel-linux-x86_64-debian-clang | 0.1.2 | 6.02 | 73.65 | 79.67 | NOTE | |
r-devel-linux-x86_64-debian-gcc | 0.1.2 | 6.88 | 54.89 | 61.77 | NOTE | |
r-devel-linux-x86_64-fedora-clang | 0.1.2 | 102.32 | NOTE | |||
r-devel-linux-x86_64-fedora-gcc | 0.1.2 | 98.66 | NOTE | |||
r-devel-windows-x86_64 | 0.1.2 | 8.00 | 73.00 | 81.00 | NOTE | |
r-patched-linux-x86_64 | 0.1.2 | 7.98 | 69.07 | 77.05 | NOTE | |
r-release-linux-x86_64 | 0.1.2 | 8.28 | 71.89 | 80.17 | NOTE | |
r-release-macos-arm64 | 0.1.2 | 33.00 | NOTE | |||
r-release-macos-x86_64 | 0.1.2 | 48.00 | NOTE | |||
r-release-windows-x86_64 | 0.1.2 | 9.00 | 74.00 | 83.00 | NOTE | |
r-oldrel-macos-arm64 | 0.1.2 | 37.00 | NOTE | |||
r-oldrel-macos-x86_64 | 0.1.2 | 54.00 | NOTE | |||
r-oldrel-windows-x86_64 | 0.1.2 | 11.00 | 83.00 | 94.00 | NOTE |
Version: 0.1.2
Check: Rd files
Result: NOTE
checkRd: (-1) festRidge.Rd:80: Lost braces; missing escapes or markup?
80 | \item{XtXlamIinv}{explicit value of (X'X + diag(penalty))^{-1}. Useful
| ^
Flavors: r-devel-linux-x86_64-debian-clang, r-devel-linux-x86_64-debian-gcc, r-devel-linux-x86_64-fedora-clang, r-devel-linux-x86_64-fedora-gcc, r-devel-windows-x86_64, r-patched-linux-x86_64, r-release-linux-x86_64, r-release-macos-arm64, r-release-macos-x86_64, r-release-windows-x86_64
Version: 0.1.2
Check: LazyData
Result: NOTE
'LazyData' is specified without a 'data' directory
Flavors: r-devel-linux-x86_64-debian-clang, r-devel-linux-x86_64-debian-gcc, r-devel-linux-x86_64-fedora-clang, r-devel-linux-x86_64-fedora-gcc, r-devel-windows-x86_64, r-patched-linux-x86_64, r-release-linux-x86_64, r-release-macos-arm64, r-release-macos-x86_64, r-release-windows-x86_64, r-oldrel-macos-arm64, r-oldrel-macos-x86_64, r-oldrel-windows-x86_64