Last updated on 2024-06-30 00:59:13 CEST.
Flavor | Version | Tinstall | Tcheck | Ttotal | Status | Flags |
---|---|---|---|---|---|---|
r-devel-linux-x86_64-debian-clang | 7.0.2 | 161.83 | 108.29 | 270.12 | OK | |
r-devel-linux-x86_64-debian-gcc | 7.0.2 | 102.34 | 80.28 | 182.62 | OK | |
r-devel-linux-x86_64-fedora-clang | 7.0.2 | 409.38 | OK | |||
r-devel-linux-x86_64-fedora-gcc | 7.0.2 | 397.46 | OK | |||
r-devel-windows-x86_64 | 7.0.2 | 125.00 | 117.00 | 242.00 | OK | |
r-patched-linux-x86_64 | 7.0.2 | 124.60 | 104.46 | 229.06 | OK | |
r-release-linux-x86_64 | 7.0.2 | 121.55 | 102.15 | 223.70 | OK | |
r-release-macos-arm64 | 7.0.2 | 81.00 | NOTE | |||
r-release-macos-x86_64 | 7.0.2 | 150.00 | NOTE | |||
r-release-windows-x86_64 | 7.0.2 | 125.00 | 116.00 | 241.00 | OK | |
r-oldrel-macos-arm64 | 7.0.2 | 87.00 | NOTE | |||
r-oldrel-macos-x86_64 | 7.0.2 | 132.00 | NOTE | |||
r-oldrel-windows-x86_64 | 7.0.2 | 152.00 | 137.00 | 289.00 | OK |
Version: 7.0.2
Check: installed package size
Result: NOTE
installed size is 5.7Mb
sub-directories of 1Mb or more:
doc 1.3Mb
libs 3.6Mb
Flavors: r-release-macos-arm64, r-release-macos-x86_64, r-oldrel-macos-arm64, r-oldrel-macos-x86_64