CRAN Package Check Results for Package fPASS

Last updated on 2025-04-29 12:52:36 CEST.

Flavor Version Tinstall Tcheck Ttotal Status Flags
r-devel-linux-x86_64-debian-clang 1.0.0 12.22 530.78 543.00 NOTE
r-devel-linux-x86_64-debian-gcc 1.0.0 8.95 317.62 326.57 NOTE
r-devel-linux-x86_64-fedora-clang 1.0.0 956.48 OK
r-devel-linux-x86_64-fedora-gcc 1.0.0 915.24 OK
r-devel-windows-x86_64 1.0.0 14.00 449.00 463.00 OK
r-patched-linux-x86_64 1.0.0 11.65 513.07 524.72 OK
r-release-linux-x86_64 1.0.0 10.67 504.21 514.88 OK
r-release-macos-arm64 1.0.0 315.00 OK
r-release-macos-x86_64 1.0.0 498.00 OK
r-release-windows-x86_64 1.0.0 13.00 454.00 467.00 OK
r-oldrel-macos-arm64 1.0.0 208.00 OK
r-oldrel-macos-x86_64 1.0.0 352.00 OK
r-oldrel-windows-x86_64 1.0.0 14.00 641.00 655.00 OK

Check Details

Version: 1.0.0
Check: CRAN incoming feasibility
Result: NOTE Maintainer: ‘Salil Koner <salil.koner@duke.edu>’ The Description field contains (2023) <arXiv:2302.05612> respectively. Please refer to arXiv e-prints via their arXiv DOI <doi:10.48550/arXiv.YYMM.NNNNN>. Flavors: r-devel-linux-x86_64-debian-clang, r-devel-linux-x86_64-debian-gcc

Version: 1.0.0
Check: examples
Result: NOTE Examples with CPU (user + system) or elapsed time > 5s user system elapsed Extract_Eigencomp_fDA 6.312 0.501 8.329 PASS_Proj_Test_ufDA 6.271 0.196 7.303 Flavor: r-devel-linux-x86_64-debian-clang