Last updated on 2024-06-30 00:59:14 CEST.
Flavor | Version | Tinstall | Tcheck | Ttotal | Status | Flags |
---|---|---|---|---|---|---|
r-devel-linux-x86_64-debian-clang | 1.3.0 | 24.87 | 57.22 | 82.09 | OK | |
r-devel-linux-x86_64-debian-gcc | 1.3.0 | 15.40 | 41.11 | 56.51 | OK | |
r-devel-linux-x86_64-fedora-clang | 1.3.0 | 110.09 | OK | |||
r-devel-linux-x86_64-fedora-gcc | 1.3.0 | 117.31 | OK | |||
r-devel-windows-x86_64 | 1.3.0 | 19.00 | 79.00 | 98.00 | OK | |
r-patched-linux-x86_64 | 1.3.0 | 22.42 | 53.16 | 75.58 | OK | |
r-release-linux-x86_64 | 1.3.0 | 20.36 | 52.87 | 73.23 | OK | |
r-release-macos-arm64 | 1.3.0 | 11.00 | ERROR | |||
r-release-macos-x86_64 | 1.3.0 | 13.00 | ERROR | |||
r-release-windows-x86_64 | 1.3.0 | 19.00 | 80.00 | 99.00 | OK | |
r-oldrel-macos-arm64 | 1.3.0 | 42.00 | OK | |||
r-oldrel-macos-x86_64 | 1.3.0 | 115.00 | OK | |||
r-oldrel-windows-x86_64 | 1.3.0 | 19.00 | 91.00 | 110.00 | OK |
Version: 1.3.0
Check: whether package can be installed
Result: ERROR
Installation failed.
Flavors: r-release-macos-arm64, r-release-macos-x86_64