Last updated on 2024-06-30 00:59:13 CEST.
Flavor | Version | Tinstall | Tcheck | Ttotal | Status | Flags |
---|---|---|---|---|---|---|
r-devel-linux-x86_64-debian-clang | 0.1.0 | 9.24 | 159.62 | 168.86 | NOTE | |
r-devel-linux-x86_64-debian-gcc | 0.1.0 | 6.85 | 115.80 | 122.65 | NOTE | |
r-devel-linux-x86_64-fedora-clang | 0.1.0 | 207.73 | NOTE | |||
r-devel-linux-x86_64-fedora-gcc | 0.1.0 | 184.57 | NOTE | |||
r-devel-windows-x86_64 | 0.1.0 | 9.00 | 130.00 | 139.00 | NOTE | |
r-patched-linux-x86_64 | 0.1.0 | 5.20 | 150.40 | 155.60 | NOTE | |
r-release-linux-x86_64 | 0.1.0 | 5.31 | 150.62 | 155.93 | NOTE | |
r-release-macos-arm64 | 0.1.0 | 55.00 | NOTE | |||
r-release-macos-x86_64 | 0.1.0 | 84.00 | NOTE | |||
r-release-windows-x86_64 | 0.1.0 | 9.00 | 129.00 | 138.00 | NOTE | |
r-oldrel-macos-arm64 | 0.1.0 | 58.00 | NOTE | |||
r-oldrel-macos-x86_64 | 0.1.0 | 84.00 | NOTE | |||
r-oldrel-windows-x86_64 | 0.1.0 | 11.00 | 152.00 | 163.00 | NOTE |
Version: 0.1.0
Check: LazyData
Result: NOTE
'LazyData' is specified without a 'data' directory
Flavors: r-devel-linux-x86_64-debian-clang, r-devel-linux-x86_64-debian-gcc, r-devel-linux-x86_64-fedora-clang, r-devel-linux-x86_64-fedora-gcc, r-devel-windows-x86_64, r-patched-linux-x86_64, r-release-linux-x86_64, r-release-macos-arm64, r-release-macos-x86_64, r-release-windows-x86_64, r-oldrel-macos-arm64, r-oldrel-macos-x86_64, r-oldrel-windows-x86_64
Version: 0.1.0
Check: Rd cross-references
Result: NOTE
Undeclared package ‘tibble’ in Rd xrefs
Flavor: r-devel-linux-x86_64-fedora-clang