Last updated on 2025-05-23 01:50:55 CEST.
Flavor | Version | Tinstall | Tcheck | Ttotal | Status | Flags |
---|---|---|---|---|---|---|
r-devel-linux-x86_64-debian-clang | 3.0.1 | 37.62 | 39.06 | 76.68 | OK | |
r-devel-linux-x86_64-debian-gcc | 3.0.1 | 20.30 | 28.07 | 48.37 | OK | |
r-devel-linux-x86_64-fedora-clang | 3.0.1 | 117.89 | NOTE | |||
r-devel-linux-x86_64-fedora-gcc | 3.0.1 | 112.06 | NOTE | |||
r-devel-windows-x86_64 | 3.0.1 | 35.00 | 69.00 | 104.00 | OK | |
r-patched-linux-x86_64 | 3.0.1 | 35.35 | 36.43 | 71.78 | OK | |
r-release-linux-x86_64 | 3.0.1 | 33.77 | 36.30 | 70.07 | OK | |
r-release-macos-arm64 | 3.0.1 | 38.00 | OK | |||
r-release-macos-x86_64 | 3.0.1 | 70.00 | OK | |||
r-release-windows-x86_64 | 3.0.1 | 37.00 | 98.00 | 135.00 | OK | |
r-oldrel-macos-arm64 | 3.0.1 | 29.00 | NOTE | |||
r-oldrel-macos-x86_64 | 3.0.1 | 49.00 | NOTE | |||
r-oldrel-windows-x86_64 | 3.0.1 | 45.00 | 74.00 | 119.00 | NOTE |
Version: 3.0.1
Check: dependencies in R code
Result: NOTE
Namespaces in Imports field not imported from:
‘R6’ ‘caTools’ ‘httr’ ‘jsonlite’ ‘rlang’
All declared Imports should be used.
Flavors: r-devel-linux-x86_64-fedora-clang, r-devel-linux-x86_64-fedora-gcc
Version: 3.0.1
Check: LazyData
Result: NOTE
'LazyData' is specified without a 'data' directory
Flavors: r-oldrel-macos-arm64, r-oldrel-macos-x86_64, r-oldrel-windows-x86_64