Last updated on 2024-06-30 00:59:13 CEST.
Flavor | Version | Tinstall | Tcheck | Ttotal | Status | Flags |
---|---|---|---|---|---|---|
r-devel-linux-x86_64-debian-clang | 1.0.6 | 9.99 | 84.57 | 94.56 | NOTE | |
r-devel-linux-x86_64-debian-gcc | 1.0.6 | 7.63 | 58.71 | 66.34 | NOTE | |
r-devel-linux-x86_64-fedora-clang | 1.0.6 | 115.32 | NOTE | |||
r-devel-linux-x86_64-fedora-gcc | 1.0.6 | 120.65 | NOTE | |||
r-devel-windows-x86_64 | 1.0.6 | 17.00 | 82.00 | 99.00 | NOTE | |
r-patched-linux-x86_64 | 1.0.6 | 10.57 | 76.93 | 87.50 | OK | |
r-release-linux-x86_64 | 1.0.6 | 9.10 | 81.07 | 90.17 | OK | |
r-release-macos-arm64 | 1.0.6 | 40.00 | ERROR | |||
r-release-macos-x86_64 | 1.0.6 | 62.00 | OK | |||
r-release-windows-x86_64 | 1.0.6 | 18.00 | 85.00 | 103.00 | OK | |
r-oldrel-macos-arm64 | 1.0.6 | 69.00 | OK | |||
r-oldrel-macos-x86_64 | 1.0.6 | 130.00 | OK | |||
r-oldrel-windows-x86_64 | 1.0.6 | 18.00 | 99.00 | 117.00 | OK |
Version: 1.0.6
Check: compiled code
Result: NOTE
File ‘fansi/libs/fansi.so’:
Found non-API call to R: ‘R_nchar’
Compiled code should not call non-API entry points in R.
See ‘Writing portable packages’ in the ‘Writing R Extensions’ manual.
See section ‘Moving into C API compliance’ in the ‘Writing R
Extensions’ manual for issues with use of non-API entry points.
Flavors: r-devel-linux-x86_64-debian-clang, r-devel-linux-x86_64-debian-gcc, r-devel-linux-x86_64-fedora-clang, r-devel-linux-x86_64-fedora-gcc
Version: 1.0.6
Check: compiled code
Result: NOTE
File 'fansi/libs/x64/fansi.dll':
Found non-API call to R: 'R_nchar'
Compiled code should not call non-API entry points in R.
See 'Writing portable packages' in the 'Writing R Extensions' manual.
See section 'Moving into C API compliance' in the 'Writing R
Extensions' manual for issues with use of non-API entry points.
Flavor: r-devel-windows-x86_64
Version: 1.0.6
Check: re-building of vignette outputs
Result: ERROR
Error(s) in re-building vignettes:
...
--- re-building ‘sgr-in-rmd.Rmd’ using rmarkdown
Error: processing vignette 'sgr-in-rmd.Rmd' failed with diagnostics:
there is no package called ‘R6’
--- failed re-building ‘sgr-in-rmd.Rmd’
SUMMARY: processing the following file failed:
‘sgr-in-rmd.Rmd’
Error: Vignette re-building failed.
Execution halted
Flavor: r-release-macos-arm64