Last updated on 2024-06-30 00:59:13 CEST.
Flavor | Version | Tinstall | Tcheck | Ttotal | Status | Flags |
---|---|---|---|---|---|---|
r-devel-linux-x86_64-debian-clang | 0.0-4 | 39.28 | 32.47 | 71.75 | OK | |
r-devel-linux-x86_64-debian-gcc | 0.0-4 | 22.90 | 24.80 | 47.70 | OK | |
r-devel-linux-x86_64-fedora-clang | 0.0-4 | 87.90 | NOTE | |||
r-devel-linux-x86_64-fedora-gcc | 0.0-4 | 91.13 | OK | |||
r-devel-windows-x86_64 | 0.0-4 | 27.00 | 72.00 | 99.00 | OK | |
r-patched-linux-x86_64 | 0.0-4 | 25.99 | 30.55 | 56.54 | OK | |
r-release-linux-x86_64 | 0.0-4 | 30.12 | 31.24 | 61.36 | OK | |
r-release-macos-arm64 | 0.0-4 | 28.00 | OK | |||
r-release-macos-x86_64 | 0.0-4 | 57.00 | OK | |||
r-release-windows-x86_64 | 0.0-4 | 27.00 | 72.00 | 99.00 | OK | |
r-oldrel-macos-arm64 | 0.0-4 | 32.00 | OK | |||
r-oldrel-macos-x86_64 | 0.0-4 | 46.00 | OK | |||
r-oldrel-windows-x86_64 | 0.0-4 | 35.00 | 80.00 | 115.00 | OK |
Version: 0.0-4
Check: Rd cross-references
Result: NOTE
Undeclared packages ‘ICSNP’, ‘ICS’ in Rd xrefs
Flavor: r-devel-linux-x86_64-fedora-clang