Last updated on 2024-06-30 00:59:13 CEST.
Flavor | Version | Tinstall | Tcheck | Ttotal | Status | Flags |
---|---|---|---|---|---|---|
r-devel-linux-x86_64-debian-clang | 2.1.0 | 160.76 | 38.63 | 199.39 | OK | |
r-devel-linux-x86_64-debian-gcc | 2.1.0 | 102.14 | 30.05 | 132.19 | OK | |
r-devel-linux-x86_64-fedora-clang | 2.1.0 | 306.46 | OK | |||
r-devel-linux-x86_64-fedora-gcc | 2.1.0 | 316.52 | OK | |||
r-devel-windows-x86_64 | 2.1.0 | 114.00 | 76.00 | 190.00 | OK | |
r-patched-linux-x86_64 | 2.1.0 | 122.82 | 38.25 | 161.07 | OK | |
r-release-linux-x86_64 | 2.1.0 | 131.06 | 38.47 | 169.53 | OK | |
r-release-macos-arm64 | 2.1.0 | 54.00 | NOTE | |||
r-release-macos-x86_64 | 2.1.0 | 80.00 | NOTE | |||
r-release-windows-x86_64 | 2.1.0 | 111.00 | 75.00 | 186.00 | OK | |
r-oldrel-macos-arm64 | 2.1.0 | 81.00 | NOTE | |||
r-oldrel-macos-x86_64 | 2.1.0 | 118.00 | NOTE | |||
r-oldrel-windows-x86_64 | 2.1.0 | 123.00 | 84.00 | 207.00 | OK |
Version: 2.1.0
Check: installed package size
Result: NOTE
installed size is 7.6Mb
sub-directories of 1Mb or more:
doc 1.8Mb
libs 5.7Mb
Flavors: r-release-macos-arm64, r-release-macos-x86_64, r-oldrel-macos-arm64, r-oldrel-macos-x86_64