Last updated on 2024-06-16 11:57:55 CEST.
Flavor | Version | Tinstall | Tcheck | Ttotal | Status | Flags |
---|---|---|---|---|---|---|
r-devel-linux-x86_64-debian-clang | 0.6-163 | 162.73 | 235.82 | 398.55 | NOTE | |
r-devel-linux-x86_64-debian-gcc | 0.6-163 | 128.04 | 172.61 | 300.65 | NOTE | |
r-devel-linux-x86_64-fedora-clang | 0.6-163 | 606.16 | NOTE | |||
r-devel-linux-x86_64-fedora-gcc | 0.6-163 | 576.24 | NOTE | |||
r-devel-windows-x86_64 | 0.6-163 | 146.00 | 208.00 | 354.00 | NOTE | |
r-patched-linux-x86_64 | 0.6-163 | 149.24 | 238.74 | 387.98 | NOTE | |
r-release-linux-x86_64 | 0.6-163 | 129.91 | 236.04 | 365.95 | NOTE | |
r-release-macos-arm64 | 0.6-163 | 140.00 | NOTE | |||
r-release-macos-x86_64 | 0.6-163 | 189.00 | NOTE | |||
r-release-windows-x86_64 | 0.6-163 | 146.00 | 205.00 | 351.00 | NOTE | |
r-oldrel-macos-arm64 | 0.6-163 | 162.00 | ERROR | |||
r-oldrel-macos-x86_64 | 0.6-163 | 257.00 | NOTE | |||
r-oldrel-windows-x86_64 | 0.6-163 | 183.00 | 266.00 | 449.00 | NOTE |
Version: 0.6-163
Check: package dependencies
Result: NOTE
Package suggested but not available for checking: ‘NNLM’
Flavors: r-devel-linux-x86_64-debian-clang, r-devel-linux-x86_64-debian-gcc, r-devel-linux-x86_64-fedora-clang, r-devel-linux-x86_64-fedora-gcc, r-devel-windows-x86_64, r-patched-linux-x86_64, r-release-linux-x86_64, r-release-macos-arm64, r-release-macos-x86_64, r-release-windows-x86_64, r-oldrel-macos-arm64, r-oldrel-macos-x86_64, r-oldrel-windows-x86_64
Version: 0.6-163
Check: for GNU extensions in Makefiles
Result: NOTE
GNU make is a SystemRequirements.
Flavors: r-devel-linux-x86_64-debian-clang, r-devel-linux-x86_64-debian-gcc, r-devel-linux-x86_64-fedora-clang, r-devel-linux-x86_64-fedora-gcc, r-devel-windows-x86_64, r-patched-linux-x86_64, r-release-linux-x86_64, r-release-macos-arm64, r-release-macos-x86_64, r-release-windows-x86_64, r-oldrel-macos-arm64, r-oldrel-macos-x86_64, r-oldrel-windows-x86_64
Version: 0.6-163
Check: installed package size
Result: NOTE
installed size is 5.6Mb
sub-directories of 1Mb or more:
data 4.3Mb
Flavors: r-devel-linux-x86_64-fedora-clang, r-devel-windows-x86_64, r-release-macos-arm64, r-release-macos-x86_64, r-release-windows-x86_64, r-oldrel-macos-arm64, r-oldrel-macos-x86_64, r-oldrel-windows-x86_64
Version: 0.6-163
Check: tests
Result: ERROR
Running ‘testthat.R’ [17s/22s]
Running the tests in ‘tests/testthat.R’ failed.
Last 13 lines of output:
2. │ └─base::withVisible(...elt(i))
3. └─fastTopics::umap_plot(fit1, fill = "loading", verbose = FALSE)
4. └─fastTopics::umap_from_topics(fit, dims = 2, ...)
5. └─uwot::umap(...)
6. └─uwot:::uwot(...)
7. └─uwot:::spectral_init(V, ndim = n_components, verbose = verbose)
8. └─uwot:::irlba_tsvd_normalized_laplacian_init(A, ndim, verbose = FALSE)
9. └─uwot:::irlba_spectral_tsvd(L, ndim + 1)
10. ├─base::suppressWarnings(...)
11. │ └─base::withCallingHandlers(...)
12. └─irlba::irlba(L, nv = n, nu = 0, maxit = iters)
[ FAIL 1 | WARN 3 | SKIP 7 | PASS 234 ]
Error: Test failures
Execution halted
Flavor: r-oldrel-macos-arm64