Last updated on 2024-08-16 09:49:04 CEST.
Flavor | Version | Tinstall | Tcheck | Ttotal | Status | Flags |
---|---|---|---|---|---|---|
r-devel-linux-x86_64-debian-clang | 0.3.0 | 183.66 | 272.62 | 456.28 | OK | |
r-devel-linux-x86_64-debian-gcc | 0.3.0 | 125.77 | 189.51 | 315.28 | OK | |
r-devel-linux-x86_64-fedora-clang | 0.3.0 | 817.30 | NOTE | |||
r-devel-linux-x86_64-fedora-gcc | 0.3.0 | 816.71 | OK | |||
r-devel-windows-x86_64 | 0.3.0 | 190.00 | 446.00 | 636.00 | NOTE | |
r-patched-linux-x86_64 | 0.3.0 | 177.71 | 261.03 | 438.74 | OK | |
r-release-linux-x86_64 | 0.3.0 | 173.87 | 261.95 | 435.82 | OK | |
r-release-macos-arm64 | 0.3.0 | 188.00 | NOTE | |||
r-release-macos-x86_64 | 0.3.0 | 240.00 | NOTE | |||
r-release-windows-x86_64 | 0.3.0 | 191.00 | 464.00 | 655.00 | NOTE | |
r-oldrel-macos-arm64 | 0.3.0 | 171.00 | NOTE | |||
r-oldrel-macos-x86_64 | 0.3.0 | 394.00 | NOTE | |||
r-oldrel-windows-x86_64 | 0.3.0 | 237.00 | 592.00 | 829.00 | NOTE |
Version: 0.3.0
Check: installed package size
Result: NOTE
installed size is 6.7Mb
sub-directories of 1Mb or more:
R 1.8Mb
doc 1.5Mb
help 2.1Mb
Flavors: r-devel-linux-x86_64-fedora-clang, r-devel-windows-x86_64, r-release-macos-arm64, r-release-macos-x86_64, r-release-windows-x86_64, r-oldrel-macos-arm64, r-oldrel-macos-x86_64, r-oldrel-windows-x86_64