Last updated on 2024-06-30 00:59:13 CEST.
Flavor | Version | Tinstall | Tcheck | Ttotal | Status | Flags |
---|---|---|---|---|---|---|
r-devel-linux-x86_64-debian-clang | 0.2.1 | 9.71 | 53.13 | 62.84 | NOTE | |
r-devel-linux-x86_64-debian-gcc | 0.2.1 | 6.71 | 39.50 | 46.21 | NOTE | |
r-devel-linux-x86_64-fedora-clang | 0.2.1 | 87.12 | NOTE | |||
r-devel-linux-x86_64-fedora-gcc | 0.2.1 | 89.25 | NOTE | |||
r-devel-windows-x86_64 | 0.2.1 | 12.00 | 70.00 | 82.00 | NOTE | |
r-patched-linux-x86_64 | 0.2.1 | 10.74 | 50.23 | 60.97 | NOTE | |
r-release-linux-x86_64 | 0.2.1 | 8.79 | 51.13 | 59.92 | NOTE | |
r-release-macos-arm64 | 0.2.1 | 32.00 | NOTE | |||
r-release-macos-x86_64 | 0.2.1 | 59.00 | NOTE | |||
r-release-windows-x86_64 | 0.2.1 | 12.00 | 70.00 | 82.00 | NOTE | |
r-oldrel-macos-arm64 | 0.2.1 | 45.00 | OK | |||
r-oldrel-macos-x86_64 | 0.2.1 | 100.00 | OK | |||
r-oldrel-windows-x86_64 | 0.2.1 | 12.00 | 77.00 | 89.00 | OK |
Version: 0.2.1
Check: Rd files
Result: NOTE
checkRd: (-1) simulation_model9.Rd:47: Lost braces; missing escapes or markup?
47 | \item{ci}{A vector of 2 values containing $c_{1i}$ and $c_{2i}$ in the contamination
| ^
checkRd: (-1) simulation_model9.Rd:47: Lost braces; missing escapes or markup?
47 | \item{ci}{A vector of 2 values containing $c_{1i}$ and $c_{2i}$ in the contamination
| ^
Flavors: r-devel-linux-x86_64-debian-clang, r-devel-linux-x86_64-debian-gcc, r-devel-linux-x86_64-fedora-clang, r-devel-linux-x86_64-fedora-gcc, r-devel-windows-x86_64, r-patched-linux-x86_64, r-release-linux-x86_64, r-release-macos-arm64, r-release-macos-x86_64, r-release-windows-x86_64