Last updated on 2024-06-16 11:57:55 CEST.
Flavor | Version | Tinstall | Tcheck | Ttotal | Status | Flags |
---|---|---|---|---|---|---|
r-devel-linux-x86_64-debian-clang | 1.0.3 | 4.11 | 32.20 | 36.31 | OK | |
r-devel-linux-x86_64-debian-gcc | 1.0.3 | 3.25 | 24.64 | 27.89 | OK | |
r-devel-linux-x86_64-fedora-clang | 1.0.3 | 46.79 | NOTE | |||
r-devel-linux-x86_64-fedora-gcc | 1.0.3 | 42.81 | NOTE | |||
r-devel-windows-x86_64 | 1.0.3 | 4.00 | 44.00 | 48.00 | OK | |
r-patched-linux-x86_64 | 1.0.3 | 4.43 | 30.43 | 34.86 | OK | |
r-release-linux-x86_64 | 1.0.3 | 3.62 | 30.27 | 33.89 | OK | |
r-release-macos-arm64 | 1.0.3 | 18.00 | OK | |||
r-release-macos-x86_64 | 1.0.3 | 28.00 | OK | |||
r-release-windows-x86_64 | 1.0.3 | 5.00 | 50.00 | 55.00 | OK | |
r-oldrel-macos-arm64 | 1.0.3 | 20.00 | OK | |||
r-oldrel-macos-x86_64 | 1.0.3 | 25.00 | OK | |||
r-oldrel-windows-x86_64 | 1.0.3 | 6.00 | 50.00 | 56.00 | OK |
Version: 1.0.3
Check: data for non-ASCII characters
Result: NOTE
Note: found 43825 marked UTF-8 strings
Flavors: r-devel-linux-x86_64-fedora-clang, r-devel-linux-x86_64-fedora-gcc