Last updated on 2024-06-30 00:59:14 CEST.
Flavor | Version | Tinstall | Tcheck | Ttotal | Status | Flags |
---|---|---|---|---|---|---|
r-devel-linux-x86_64-debian-clang | 1.0.6 | 64.07 | 501.81 | 565.88 | OK | |
r-devel-linux-x86_64-debian-gcc | 1.0.6 | 51.57 | 351.76 | 403.33 | OK | |
r-devel-linux-x86_64-fedora-clang | 1.0.6 | 730.62 | NOTE | |||
r-devel-linux-x86_64-fedora-gcc | 1.0.6 | 683.48 | OK | |||
r-devel-windows-x86_64 | 1.0.6 | 39.00 | 286.00 | 325.00 | NOTE | |
r-patched-linux-x86_64 | 1.0.6 | 42.55 | 476.15 | 518.70 | OK | |
r-release-linux-x86_64 | 1.0.6 | 42.19 | 470.53 | 512.72 | OK | |
r-release-macos-arm64 | 1.0.6 | 145.00 | NOTE | |||
r-release-macos-x86_64 | 1.0.6 | 230.00 | NOTE | |||
r-release-windows-x86_64 | 1.0.6 | 40.00 | 293.00 | 333.00 | NOTE | |
r-oldrel-macos-arm64 | 1.0.6 | 148.00 | NOTE | |||
r-oldrel-macos-x86_64 | 1.0.6 | 412.00 | NOTE | |||
r-oldrel-windows-x86_64 | 1.0.6 | 55.00 | 394.00 | 449.00 | NOTE |
Version: 1.0.6
Check: package dependencies
Result: NOTE
Imports includes 25 non-default packages.
Importing from so many packages makes the package vulnerable to any of
them becoming unavailable. Move as many as possible to Suggests and
use conditionally.
Flavor: r-devel-linux-x86_64-fedora-clang
Version: 1.0.6
Check: installed package size
Result: NOTE
installed size is 5.8Mb
sub-directories of 1Mb or more:
doc 4.0Mb
Flavors: r-devel-linux-x86_64-fedora-clang, r-devel-windows-x86_64, r-release-macos-arm64, r-release-macos-x86_64, r-release-windows-x86_64, r-oldrel-macos-arm64, r-oldrel-macos-x86_64, r-oldrel-windows-x86_64