Last updated on 2024-06-16 11:57:56 CEST.
Flavor | Version | Tinstall | Tcheck | Ttotal | Status | Flags |
---|---|---|---|---|---|---|
r-devel-linux-x86_64-debian-clang | 0.1.0 | 74.98 | 188.23 | 263.21 | NOTE | |
r-devel-linux-x86_64-debian-gcc | 0.1.0 | 48.56 | 131.00 | 179.56 | NOTE | |
r-devel-linux-x86_64-fedora-clang | 0.1.0 | 339.04 | NOTE | |||
r-devel-linux-x86_64-fedora-gcc | 0.1.0 | 342.50 | NOTE | |||
r-devel-windows-x86_64 | 0.1.0 | 56.00 | 178.00 | 234.00 | NOTE | |
r-patched-linux-x86_64 | 0.1.0 | 56.89 | 172.87 | 229.76 | NOTE | |
r-release-linux-x86_64 | 0.1.0 | 61.89 | 177.72 | 239.61 | NOTE | |
r-release-macos-arm64 | 0.1.0 | 77.00 | NOTE | |||
r-release-macos-x86_64 | 0.1.0 | 147.00 | NOTE | |||
r-release-windows-x86_64 | 0.1.0 | 55.00 | 179.00 | 234.00 | NOTE | |
r-oldrel-macos-arm64 | 0.1.0 | 85.00 | NOTE | |||
r-oldrel-macos-x86_64 | 0.1.0 | 176.00 | NOTE | |||
r-oldrel-windows-x86_64 | 0.1.0 | 70.00 | 212.00 | 282.00 | NOTE |
Version: 0.1.0
Check: C++ specification
Result: NOTE
Specified C++11: please drop specification unless essential
Flavors: r-devel-linux-x86_64-debian-clang, r-devel-linux-x86_64-debian-gcc, r-devel-linux-x86_64-fedora-clang, r-devel-linux-x86_64-fedora-gcc, r-devel-windows-x86_64, r-patched-linux-x86_64, r-release-linux-x86_64, r-release-macos-arm64, r-release-macos-x86_64, r-release-windows-x86_64, r-oldrel-macos-arm64, r-oldrel-macos-x86_64, r-oldrel-windows-x86_64
Version: 0.1.0
Check: Rd files
Result: NOTE
checkRd: (-1) ModelMixHMM-class.Rd:31: Lost braces; missing escapes or markup?
31 | \code{smoothed} of class {StatMixHMM}).
| ^
checkRd: (-1) ModelMixHMMR-class.Rd:31: Lost braces; missing escapes or markup?
31 | \code{smoothed} of class {StatMixHMMR}).
| ^
Flavors: r-devel-linux-x86_64-debian-clang, r-devel-linux-x86_64-debian-gcc, r-devel-linux-x86_64-fedora-clang, r-devel-linux-x86_64-fedora-gcc, r-devel-windows-x86_64, r-patched-linux-x86_64, r-release-linux-x86_64, r-release-macos-arm64, r-release-macos-x86_64, r-release-windows-x86_64
Version: 0.1.0
Check: installed package size
Result: NOTE
installed size is 5.8Mb
sub-directories of 1Mb or more:
doc 1.9Mb
help 2.3Mb
libs 1.2Mb
Flavors: r-devel-windows-x86_64, r-release-macos-arm64, r-release-macos-x86_64, r-release-windows-x86_64, r-oldrel-macos-arm64, r-oldrel-macos-x86_64, r-oldrel-windows-x86_64