Last updated on 2024-06-30 00:59:14 CEST.
Flavor | Version | Tinstall | Tcheck | Ttotal | Status | Flags |
---|---|---|---|---|---|---|
r-devel-linux-x86_64-debian-clang | 0.7 | 21.55 | 26.70 | 48.25 | OK | |
r-devel-linux-x86_64-debian-gcc | 0.7 | 12.91 | 20.88 | 33.79 | OK | |
r-devel-linux-x86_64-fedora-clang | 0.7 | 70.45 | NOTE | |||
r-devel-linux-x86_64-fedora-gcc | 0.7 | 63.35 | NOTE | |||
r-devel-windows-x86_64 | 0.7 | 20.00 | 59.00 | 79.00 | OK | |
r-patched-linux-x86_64 | 0.7 | 17.05 | 25.88 | 42.93 | OK | |
r-release-linux-x86_64 | 0.7 | 16.33 | 25.93 | 42.26 | OK | |
r-release-macos-arm64 | 0.7 | 21.00 | OK | |||
r-release-macos-x86_64 | 0.7 | 29.00 | OK | |||
r-release-windows-x86_64 | 0.7 | 21.00 | 62.00 | 83.00 | OK | |
r-oldrel-macos-arm64 | 0.7 | 22.00 | OK | |||
r-oldrel-macos-x86_64 | 0.7 | 32.00 | OK | |||
r-oldrel-windows-x86_64 | 0.7 | 20.00 | 66.00 | 86.00 | OK |
Version: 0.7
Check: compiled code
Result: NOTE
File ‘flock/libs/flock.so’:
Found no calls to: ‘R_registerRoutines’, ‘R_useDynamicSymbols’
It is good practice to register native routines and to disable symbol
search.
See ‘Writing portable packages’ in the ‘Writing R Extensions’ manual.
Flavors: r-devel-linux-x86_64-fedora-clang, r-devel-linux-x86_64-fedora-gcc