Last updated on 2024-06-30 00:59:14 CEST.
Flavor | Version | Tinstall | Tcheck | Ttotal | Status | Flags |
---|---|---|---|---|---|---|
r-devel-linux-x86_64-debian-clang | 0.1.3 | 20.26 | 133.15 | 153.41 | OK | |
r-devel-linux-x86_64-debian-gcc | 0.1.3 | 15.13 | 98.49 | 113.62 | OK | |
r-devel-linux-x86_64-fedora-clang | 0.1.3 | 196.76 | NOTE | |||
r-devel-linux-x86_64-fedora-gcc | 0.1.3 | 184.12 | NOTE | |||
r-devel-windows-x86_64 | 0.1.3 | 16.00 | 104.00 | 120.00 | OK | |
r-patched-linux-x86_64 | 0.1.3 | 12.75 | 124.47 | 137.22 | OK | |
r-release-linux-x86_64 | 0.1.3 | 11.99 | 127.96 | 139.95 | OK | |
r-release-macos-arm64 | 0.1.3 | 53.00 | OK | |||
r-release-macos-x86_64 | 0.1.3 | 74.00 | OK | |||
r-release-windows-x86_64 | 0.1.3 | 15.00 | 105.00 | 120.00 | OK | |
r-oldrel-macos-arm64 | 0.1.3 | 54.00 | OK | |||
r-oldrel-macos-x86_64 | 0.1.3 | 119.00 | OK | |||
r-oldrel-windows-x86_64 | 0.1.3 | 20.00 | 130.00 | 150.00 | OK |
Version: 0.1.3
Check: package dependencies
Result: NOTE
Suggests orphaned package: ‘pamr’
Flavors: r-devel-linux-x86_64-fedora-clang, r-devel-linux-x86_64-fedora-gcc