Last updated on 2024-06-30 00:59:14 CEST.
Flavor | Version | Tinstall | Tcheck | Ttotal | Status | Flags |
---|---|---|---|---|---|---|
r-devel-linux-x86_64-debian-clang | 0.1.3 | 32.48 | 68.16 | 100.64 | OK | |
r-devel-linux-x86_64-debian-gcc | 0.1.3 | 19.70 | 48.24 | 67.94 | OK | |
r-devel-linux-x86_64-fedora-clang | 0.1.3 | 141.55 | NOTE | |||
r-devel-linux-x86_64-fedora-gcc | 0.1.3 | 138.01 | NOTE | |||
r-devel-windows-x86_64 | 0.1.3 | 26.00 | 82.00 | 108.00 | OK | |
r-patched-linux-x86_64 | 0.1.3 | 22.01 | 64.68 | 86.69 | OK | |
r-release-linux-x86_64 | 0.1.3 | 22.35 | 65.83 | 88.18 | OK | |
r-release-macos-arm64 | 0.1.3 | 35.00 | OK | |||
r-release-macos-x86_64 | 0.1.3 | 64.00 | OK | |||
r-release-windows-x86_64 | 0.1.3 | 26.00 | 83.00 | 109.00 | OK | |
r-oldrel-macos-arm64 | 0.1.3 | 42.00 | OK | |||
r-oldrel-macos-x86_64 | 0.1.3 | 68.00 | OK | |||
r-oldrel-windows-x86_64 | 0.1.3 | 31.00 | 98.00 | 129.00 | OK |
Version: 0.1.3
Check: dependencies in R code
Result: NOTE
Namespaces in Imports field not imported from:
‘kableExtra’ ‘knitr’ ‘rmarkdown’
All declared Imports should be used.
Flavors: r-devel-linux-x86_64-fedora-clang, r-devel-linux-x86_64-fedora-gcc