Last updated on 2024-06-30 00:59:14 CEST.
Flavor | Version | Tinstall | Tcheck | Ttotal | Status | Flags |
---|---|---|---|---|---|---|
r-devel-linux-x86_64-debian-clang | 1.2 | 9.16 | 83.14 | 92.30 | OK | |
r-devel-linux-x86_64-debian-gcc | 1.2 | 6.77 | 62.49 | 69.26 | OK | |
r-devel-linux-x86_64-fedora-clang | 1.2 | 116.69 | NOTE | |||
r-devel-linux-x86_64-fedora-gcc | 1.2 | 110.82 | NOTE | |||
r-devel-windows-x86_64 | 1.2 | 10.00 | 82.00 | 92.00 | OK | |
r-patched-linux-x86_64 | 1.2 | 5.83 | 77.88 | 83.71 | OK | |
r-release-linux-x86_64 | 1.2 | 8.53 | 78.72 | 87.25 | OK | |
r-release-macos-arm64 | 1.2 | 36.00 | OK | |||
r-release-macos-x86_64 | 1.2 | 52.00 | OK | |||
r-release-windows-x86_64 | 1.2 | 11.00 | 81.00 | 92.00 | OK | |
r-oldrel-macos-arm64 | 1.2 | 39.00 | OK | |||
r-oldrel-macos-x86_64 | 1.2 | 62.00 | OK | |||
r-oldrel-windows-x86_64 | 1.2 | 11.00 | 94.00 | 105.00 | OK |
Version: 1.2
Check: data for non-ASCII characters
Result: NOTE
Note: found 120 marked UTF-8 strings
Flavors: r-devel-linux-x86_64-fedora-clang, r-devel-linux-x86_64-fedora-gcc