Last updated on 2024-06-30 00:59:15 CEST.
Flavor | Version | Tinstall | Tcheck | Ttotal | Status | Flags |
---|---|---|---|---|---|---|
r-devel-linux-x86_64-debian-clang | 1.0-8 | 35.86 | 171.06 | 206.92 | NOTE | |
r-devel-linux-x86_64-debian-gcc | 1.0-8 | 24.32 | 119.55 | 143.87 | NOTE | |
r-devel-linux-x86_64-fedora-clang | 1.0-8 | 254.78 | NOTE | |||
r-devel-linux-x86_64-fedora-gcc | 1.0-8 | 239.42 | NOTE | |||
r-devel-windows-x86_64 | 1.0-8 | 21.00 | 91.00 | 112.00 | NOTE | |
r-patched-linux-x86_64 | 1.0-8 | 37.80 | 159.64 | 197.44 | NOTE | |
r-release-linux-x86_64 | 1.0-8 | 32.38 | 162.44 | 194.82 | NOTE | |
r-release-macos-arm64 | 1.0-8 | 95.00 | NOTE | |||
r-release-macos-x86_64 | 1.0-8 | 105.00 | NOTE | |||
r-release-windows-x86_64 | 1.0-8 | 21.00 | 93.00 | 114.00 | NOTE | |
r-oldrel-macos-arm64 | 1.0-8 | 57.00 | OK | |||
r-oldrel-macos-x86_64 | 1.0-8 | 105.00 | OK | |||
r-oldrel-windows-x86_64 | 1.0-8 | 26.00 | 113.00 | 139.00 | OK |
Version: 1.0-8
Check: Rd files
Result: NOTE
checkRd: (-1) gWidgets2tcltk-undocumented.Rd:285: Lost braces in \itemize; meant \describe ?
checkRd: (-1) gWidgets2tcltk-undocumented.Rd:286-293: Lost braces in \itemize; meant \describe ?
checkRd: (-1) gWidgets2tcltk-undocumented.Rd:378: Lost braces
378 | \item{visible}{logical. If code{TRUE} window is drawn when
| ^
Flavors: r-devel-linux-x86_64-debian-clang, r-devel-linux-x86_64-debian-gcc, r-devel-linux-x86_64-fedora-clang, r-devel-linux-x86_64-fedora-gcc, r-devel-windows-x86_64, r-patched-linux-x86_64, r-release-linux-x86_64, r-release-macos-arm64, r-release-macos-x86_64, r-release-windows-x86_64