Last updated on 2024-06-16 11:57:56 CEST.
Flavor | Version | Tinstall | Tcheck | Ttotal | Status | Flags |
---|---|---|---|---|---|---|
r-devel-linux-x86_64-debian-clang | 0.11-1 | 12.59 | 248.47 | 261.06 | OK | |
r-devel-linux-x86_64-debian-gcc | 0.11-1 | 8.55 | 176.12 | 184.67 | OK | |
r-devel-linux-x86_64-fedora-clang | 0.11-1 | 316.36 | NOTE | |||
r-devel-linux-x86_64-fedora-gcc | 0.11-1 | 312.69 | OK | |||
r-devel-windows-x86_64 | 0.11-1 | 10.00 | 191.00 | 201.00 | OK | |
r-patched-linux-x86_64 | 0.11-1 | 12.87 | 233.41 | 246.28 | OK | |
r-release-linux-x86_64 | 0.11-1 | 8.59 | 237.63 | 246.22 | OK | |
r-release-macos-arm64 | 0.11-1 | 83.00 | OK | |||
r-release-macos-x86_64 | 0.11-1 | 144.00 | OK | |||
r-release-windows-x86_64 | 0.11-1 | 9.00 | 191.00 | 200.00 | OK | |
r-oldrel-macos-arm64 | 0.11-1 | 94.00 | OK | |||
r-oldrel-macos-x86_64 | 0.11-1 | 255.00 | OK | |||
r-oldrel-windows-x86_64 | 0.11-1 | 12.00 | 246.00 | 258.00 | OK |
Version: 0.11-1
Check: Rd cross-references
Result: NOTE
Undeclared package ‘mfdb’ in Rd xrefs
Flavor: r-devel-linux-x86_64-fedora-clang