Last updated on 2024-06-30 00:59:14 CEST.
Flavor | Version | Tinstall | Tcheck | Ttotal | Status | Flags |
---|---|---|---|---|---|---|
r-devel-linux-x86_64-debian-clang | 1.6 | 881.68 | 121.97 | 1003.65 | OK | |
r-devel-linux-x86_64-debian-gcc | 1.6 | 653.24 | 131.44 | 784.68 | OK | |
r-devel-linux-x86_64-fedora-clang | 1.6 | 1434.51 | NOTE | |||
r-devel-linux-x86_64-fedora-gcc | 1.6 | 1710.87 | OK | |||
r-devel-windows-x86_64 | 1.6 | 654.00 | 193.00 | 847.00 | NOTE | |
r-patched-linux-x86_64 | 1.6 | 779.02 | 161.83 | 940.85 | OK | |
r-release-linux-x86_64 | 1.6 | 806.29 | 167.43 | 973.72 | OK | |
r-release-macos-arm64 | 1.6 | 244.00 | NOTE | |||
r-release-macos-x86_64 | 1.6 | 233.00 | WARN | |||
r-release-windows-x86_64 | 1.6 | 644.00 | 188.00 | 832.00 | NOTE | |
r-oldrel-macos-arm64 | 1.6 | 279.00 | NOTE | |||
r-oldrel-macos-x86_64 | 1.6 | 318.00 | NOTE | |||
r-oldrel-windows-x86_64 | 1.6 | 779.00 | 218.00 | 997.00 | NOTE |
Version: 1.6
Check: installed package size
Result: NOTE
installed size is 5.5Mb
sub-directories of 1Mb or more:
extdata 1.6Mb
libs 1.9Mb
Flavors: r-devel-linux-x86_64-fedora-clang, r-devel-windows-x86_64, r-release-macos-arm64, r-release-macos-x86_64, r-release-windows-x86_64, r-oldrel-macos-arm64, r-oldrel-macos-x86_64, r-oldrel-windows-x86_64
Version: 1.6
Check: re-building of vignette outputs
Result: WARN
Error(s) in re-building vignettes:
--- re-building ‘gaston-faq.Rnw’ using knitr
Error: processing vignette 'gaston-faq.Rnw' failed with diagnostics:
Running 'texi2dvi' on 'gaston-faq.tex' failed.
LaTeX errors:
! Undefined control sequence.
l.136 \hldef
{> }\hlkwd{data}\hldef{(AGT)}
?
! Emergency stop.
! Emergency stop.
l.136
End of file on the terminal!
! ==> Fatal error occurred, no output PDF file produced!
--- failed re-building ‘gaston-faq.Rnw’
--- re-building ‘gaston.Rnw’ using knitr
Error: processing vignette 'gaston.Rnw' failed with diagnostics:
Running 'texi2dvi' on 'gaston.tex' failed.
LaTeX errors:
! Undefined control sequence.
l.187 \hldef
{> }\hldef{x} \hlkwb{<-} \hlkwd{read.bed.matrix}\hldef{(} \hlkwd...
?
! Emergency stop.
l.187
End of file on the terminal!
! ==> Fatal error occurred, no output PDF file produced!
--- failed re-building ‘gaston.Rnw’
SUMMARY: processing the following files failed:
‘gaston-faq.Rnw’ ‘gaston.Rnw’
Error: Vignette re-building failed.
Execution halted
Flavor: r-release-macos-x86_64