Last updated on 2024-08-16 09:49:05 CEST.
Flavor | Version | Tinstall | Tcheck | Ttotal | Status | Flags |
---|---|---|---|---|---|---|
r-devel-linux-x86_64-debian-clang | 0.1.15 | 42.39 | 373.94 | 416.33 | NOTE | |
r-devel-linux-x86_64-debian-gcc | 0.1.15 | 28.38 | 260.15 | 288.53 | NOTE | |
r-devel-linux-x86_64-fedora-clang | 0.1.15 | 707.68 | OK | |||
r-devel-linux-x86_64-fedora-gcc | 0.1.15 | 685.28 | OK | |||
r-devel-windows-x86_64 | 0.1.15 | 28.00 | 255.00 | 283.00 | NOTE | |
r-patched-linux-x86_64 | 0.1.15 | 42.15 | 353.70 | 395.85 | OK | |
r-release-linux-x86_64 | 0.1.15 | 36.87 | 357.85 | 394.72 | OK | |
r-release-macos-arm64 | 0.1.15 | 276.00 | OK | |||
r-release-macos-x86_64 | 0.1.15 | 271.00 | OK | |||
r-release-windows-x86_64 | 0.1.15 | 28.00 | 439.00 | 467.00 | OK | |
r-oldrel-macos-arm64 | 0.1.15 | 157.00 | OK | |||
r-oldrel-macos-x86_64 | 0.1.15 | 358.00 | OK | |||
r-oldrel-windows-x86_64 | 0.1.15 | 38.00 | 319.00 | 357.00 | OK |
Version: 0.1.15
Check: Rd cross-references
Result: NOTE
Found the following Rd file(s) with Rd \link{} targets missing package
anchors:
gateR-package.Rd: sparr, spatstat.geom, terra
Please provide package anchors for all Rd \link{} targets not in the
package itself and the base packages.
Flavors: r-devel-linux-x86_64-debian-clang, r-devel-linux-x86_64-debian-gcc, r-devel-windows-x86_64