Last updated on 2024-06-16 11:57:56 CEST.
Flavor | Version | Tinstall | Tcheck | Ttotal | Status | Flags |
---|---|---|---|---|---|---|
r-devel-linux-x86_64-debian-clang | 0.0.2 | 2.01 | 19.16 | 21.17 | OK | |
r-devel-linux-x86_64-debian-gcc | 0.0.2 | 1.44 | 15.49 | 16.93 | OK | |
r-devel-linux-x86_64-fedora-clang | 0.0.2 | 27.58 | NOTE | |||
r-devel-linux-x86_64-fedora-gcc | 0.0.2 | 25.90 | OK | |||
r-devel-windows-x86_64 | 0.0.2 | 2.00 | 33.00 | 35.00 | OK | |
r-patched-linux-x86_64 | 0.0.2 | 1.97 | 18.78 | 20.75 | OK | |
r-release-linux-x86_64 | 0.0.2 | 1.67 | 19.13 | 20.80 | OK | |
r-release-macos-arm64 | 0.0.2 | 13.00 | OK | |||
r-release-macos-x86_64 | 0.0.2 | 19.00 | OK | |||
r-release-windows-x86_64 | 0.0.2 | 2.00 | 33.00 | 35.00 | OK | |
r-oldrel-macos-arm64 | 0.0.2 | 14.00 | OK | |||
r-oldrel-macos-x86_64 | 0.0.2 | 18.00 | OK | |||
r-oldrel-windows-x86_64 | 0.0.2 | 3.00 | 32.00 | 35.00 | OK |
Version: 0.0.2
Check: Rd cross-references
Result: NOTE
Undeclared packages ‘fortunes’, ‘rmsfact’ in Rd xrefs
Flavor: r-devel-linux-x86_64-fedora-clang