Last updated on 2024-06-30 00:59:14 CEST.
Flavor | Version | Tinstall | Tcheck | Ttotal | Status | Flags |
---|---|---|---|---|---|---|
r-devel-linux-x86_64-debian-clang | 2023.08.31 | 54.87 | 417.92 | 472.79 | NOTE | |
r-devel-linux-x86_64-debian-gcc | 2023.08.31 | 39.70 | 297.15 | 336.85 | NOTE | |
r-devel-linux-x86_64-fedora-clang | 2023.08.31 | 607.91 | NOTE | |||
r-devel-linux-x86_64-fedora-gcc | 2023.08.31 | 561.79 | NOTE | |||
r-devel-windows-x86_64 | 2023.08.31 | 40.00 | 242.00 | 282.00 | NOTE | |
r-patched-linux-x86_64 | 2023.08.31 | 50.35 | 387.41 | 437.76 | NOTE | |
r-release-linux-x86_64 | 2023.08.31 | 32.75 | 394.43 | 427.18 | NOTE | |
r-release-macos-arm64 | 2023.08.31 | 127.00 | NOTE | |||
r-release-macos-x86_64 | 2023.08.31 | 257.00 | NOTE | |||
r-release-windows-x86_64 | 2023.08.31 | 41.00 | 244.00 | 285.00 | NOTE | |
r-oldrel-macos-arm64 | 2023.08.31 | 133.00 | OK | |||
r-oldrel-macos-x86_64 | 2023.08.31 | 281.00 | OK | |||
r-oldrel-windows-x86_64 | 2023.08.31 | 56.00 | 336.00 | 392.00 | OK |
Version: 2023.08.31
Check: Rd files
Result: NOTE
checkRd: (-1) gbm.auto.Rd:208: Lost braces; missing escapes or markup?
208 | \item Error in if (n.trees > x$n.trees) { : argument is of length zero}. LR or BF probably too low
| ^
Flavors: r-devel-linux-x86_64-debian-clang, r-devel-linux-x86_64-debian-gcc, r-devel-linux-x86_64-fedora-clang, r-devel-linux-x86_64-fedora-gcc, r-devel-windows-x86_64, r-patched-linux-x86_64, r-release-linux-x86_64, r-release-macos-arm64, r-release-macos-x86_64, r-release-windows-x86_64