Last updated on 2024-06-30 00:59:14 CEST.
Flavor | Version | Tinstall | Tcheck | Ttotal | Status | Flags |
---|---|---|---|---|---|---|
r-devel-linux-x86_64-debian-clang | 0.3.7 | 60.86 | 48.54 | 109.40 | OK | |
r-devel-linux-x86_64-debian-gcc | 0.3.7 | 37.57 | 36.52 | 74.09 | OK | |
r-devel-linux-x86_64-fedora-clang | 0.3.7 | 160.82 | OK | |||
r-devel-linux-x86_64-fedora-gcc | 0.3.7 | 152.53 | OK | |||
r-devel-windows-x86_64 | 0.3.7 | 67.00 | 106.00 | 173.00 | OK | |
r-patched-linux-x86_64 | 0.3.7 | 50.75 | 46.47 | 97.22 | OK | |
r-release-linux-x86_64 | 0.3.7 | 48.52 | 47.19 | 95.71 | OK | |
r-release-macos-arm64 | 0.3.7 | 42.00 | OK | |||
r-release-macos-x86_64 | 0.3.7 | 52.00 | NOTE | |||
r-release-windows-x86_64 | 0.3.7 | 66.00 | 117.00 | 183.00 | OK | |
r-oldrel-macos-arm64 | 0.3.7 | 46.00 | OK | |||
r-oldrel-macos-x86_64 | 0.3.7 | 67.00 | NOTE | |||
r-oldrel-windows-x86_64 | 0.3.7 | 80.00 | 129.00 | 209.00 | OK |
Version: 0.3.7
Check: installed package size
Result: NOTE
installed size is 5.2Mb
sub-directories of 1Mb or more:
libs 5.0Mb
Flavors: r-release-macos-x86_64, r-oldrel-macos-x86_64