Last updated on 2024-06-30 00:59:14 CEST.
Flavor | Version | Tinstall | Tcheck | Ttotal | Status | Flags |
---|---|---|---|---|---|---|
r-devel-linux-x86_64-debian-clang | 1.0.0 | 54.58 | 515.18 | 569.76 | OK | |
r-devel-linux-x86_64-debian-gcc | 1.0.0 | 47.61 | 366.00 | 413.61 | OK | |
r-devel-linux-x86_64-fedora-clang | 1.0.0 | 735.31 | NOTE | |||
r-devel-linux-x86_64-fedora-gcc | 1.0.0 | 682.02 | OK | |||
r-devel-windows-x86_64 | 1.0.0 | 44.00 | 305.00 | 349.00 | OK | |
r-patched-linux-x86_64 | 1.0.0 | 35.17 | 483.74 | 518.91 | OK | |
r-release-linux-x86_64 | 1.0.0 | 49.20 | 487.46 | 536.66 | OK | |
r-release-macos-arm64 | 1.0.0 | 154.00 | OK | |||
r-release-macos-x86_64 | 1.0.0 | 238.00 | OK | |||
r-release-windows-x86_64 | 1.0.0 | 45.00 | 312.00 | 357.00 | OK | |
r-oldrel-macos-arm64 | 1.0.0 | 144.00 | OK | |||
r-oldrel-macos-x86_64 | 1.0.0 | 466.00 | OK | |||
r-oldrel-windows-x86_64 | 1.0.0 | 62.00 | 426.00 | 488.00 | OK |
Version: 1.0.0
Check: Rd cross-references
Result: NOTE
Undeclared packages ‘palmerpenguins’, ‘readxl’ in Rd xrefs
Flavor: r-devel-linux-x86_64-fedora-clang