Last updated on 2024-06-30 00:59:14 CEST.
Flavor | Version | Tinstall | Tcheck | Ttotal | Status | Flags |
---|---|---|---|---|---|---|
r-devel-linux-x86_64-debian-clang | 1.5.11 | 65.93 | 450.80 | 516.73 | OK | |
r-devel-linux-x86_64-debian-gcc | 1.5.11 | 50.01 | 314.71 | 364.72 | OK | |
r-devel-linux-x86_64-fedora-clang | 1.5.11 | 658.77 | NOTE | |||
r-devel-linux-x86_64-fedora-gcc | 1.5.11 | 640.34 | OK | |||
r-devel-windows-x86_64 | 1.5.11 | 57.00 | 281.00 | 338.00 | NOTE | |
r-patched-linux-x86_64 | 1.5.11 | 72.63 | 426.93 | 499.56 | OK | |
r-release-linux-x86_64 | 1.5.11 | 60.32 | 418.81 | 479.13 | OK | |
r-release-macos-arm64 | 1.5.11 | 143.00 | NOTE | |||
r-release-macos-x86_64 | 1.5.11 | 259.00 | NOTE | |||
r-release-windows-x86_64 | 1.5.11 | 59.00 | 288.00 | 347.00 | NOTE | |
r-oldrel-macos-arm64 | 1.5.11 | 152.00 | NOTE | |||
r-oldrel-macos-x86_64 | 1.5.11 | 581.00 | NOTE | |||
r-oldrel-windows-x86_64 | 1.5.11 | 74.00 | 390.00 | 464.00 | NOTE |
Version: 1.5.11
Check: installed package size
Result: NOTE
installed size is 5.7Mb
sub-directories of 1Mb or more:
doc 1.5Mb
extdata 3.5Mb
Flavors: r-devel-linux-x86_64-fedora-clang, r-devel-windows-x86_64, r-release-macos-arm64, r-release-macos-x86_64, r-release-windows-x86_64, r-oldrel-macos-arm64, r-oldrel-macos-x86_64, r-oldrel-windows-x86_64