Last updated on 2024-06-30 00:59:14 CEST.
Flavor | Version | Tinstall | Tcheck | Ttotal | Status | Flags |
---|---|---|---|---|---|---|
r-devel-linux-x86_64-debian-clang | 1.7 | 23.45 | 187.76 | 211.21 | OK | |
r-devel-linux-x86_64-debian-gcc | 1.7 | 16.64 | 137.68 | 154.32 | OK | |
r-devel-linux-x86_64-fedora-clang | 1.7 | 261.00 | OK | |||
r-devel-linux-x86_64-fedora-gcc | 1.7 | 255.20 | OK | |||
r-devel-windows-x86_64 | 1.7 | 16.00 | 141.00 | 157.00 | OK | |
r-patched-linux-x86_64 | 1.7 | 14.97 | 174.66 | 189.63 | OK | |
r-release-linux-x86_64 | 1.7 | 13.10 | 180.65 | 193.75 | OK | |
r-release-macos-arm64 | 1.7 | 5.00 | ERROR | |||
r-release-macos-x86_64 | 1.7 | 136.00 | OK | |||
r-release-windows-x86_64 | 1.7 | 15.00 | 142.00 | 157.00 | OK | |
r-oldrel-macos-arm64 | 1.7 | 10.00 | ERROR | |||
r-oldrel-macos-x86_64 | 1.7 | 12.00 | ERROR | |||
r-oldrel-windows-x86_64 | 1.7 | 16.00 | 183.00 | 199.00 | OK |
Version: 1.7
Check: package dependencies
Result: ERROR
Package required but not available: ‘reactome.db’
See section ‘The DESCRIPTION file’ in the ‘Writing R Extensions’
manual.
Flavors: r-release-macos-arm64, r-oldrel-macos-arm64, r-oldrel-macos-x86_64