Last updated on 2024-06-30 00:59:14 CEST.
Flavor | Version | Tinstall | Tcheck | Ttotal | Status | Flags |
---|---|---|---|---|---|---|
r-devel-linux-x86_64-debian-clang | 1.0.15 | 8.31 | 211.91 | 220.22 | OK | |
r-devel-linux-x86_64-debian-gcc | 1.0.15 | 7.33 | 156.33 | 163.66 | OK | |
r-devel-linux-x86_64-fedora-clang | 1.0.15 | 271.01 | NOTE | |||
r-devel-linux-x86_64-fedora-gcc | 1.0.15 | 269.34 | NOTE | |||
r-devel-windows-x86_64 | 1.0.15 | 13.00 | 205.00 | 218.00 | OK | |
r-patched-linux-x86_64 | 1.0.15 | 11.28 | 199.25 | 210.53 | OK | |
r-release-linux-x86_64 | 1.0.15 | 8.20 | 202.77 | 210.97 | OK | |
r-release-macos-arm64 | 1.0.15 | 114.00 | OK | |||
r-release-macos-x86_64 | 1.0.15 | 156.00 | OK | |||
r-release-windows-x86_64 | 1.0.15 | 12.00 | 199.00 | 211.00 | OK | |
r-oldrel-macos-arm64 | 1.0.15 | 120.00 | OK | |||
r-oldrel-macos-x86_64 | 1.0.15 | 213.00 | OK | |||
r-oldrel-windows-x86_64 | 1.0.15 | 17.00 | 241.00 | 258.00 | OK |
Version: 1.0.15
Check: data for non-ASCII characters
Result: NOTE
Note: found 99755 marked UTF-8 strings
Flavors: r-devel-linux-x86_64-fedora-clang, r-devel-linux-x86_64-fedora-gcc