Last updated on 2024-06-30 00:59:14 CEST.
Flavor | Version | Tinstall | Tcheck | Ttotal | Status | Flags |
---|---|---|---|---|---|---|
r-devel-linux-x86_64-debian-clang | 0.2.4 | 144.37 | 34.90 | 179.27 | NOTE | |
r-devel-linux-x86_64-debian-gcc | 0.2.4 | 93.29 | 26.91 | 120.20 | NOTE | |
r-devel-linux-x86_64-fedora-clang | 0.2.4 | 267.17 | NOTE | |||
r-devel-linux-x86_64-fedora-gcc | 0.2.4 | 289.86 | NOTE | |||
r-devel-windows-x86_64 | 0.2.4 | 99.00 | 71.00 | 170.00 | NOTE | |
r-patched-linux-x86_64 | 0.2.4 | 120.23 | 33.36 | 153.59 | OK | |
r-release-linux-x86_64 | 0.2.4 | 120.49 | 33.16 | 153.65 | OK | |
r-release-macos-arm64 | 0.2.4 | 53.00 | NOTE | |||
r-release-macos-x86_64 | 0.2.4 | 81.00 | OK | |||
r-release-windows-x86_64 | 0.2.4 | 101.00 | 71.00 | 172.00 | OK | |
r-oldrel-macos-arm64 | 0.2.4 | 73.00 | NOTE | |||
r-oldrel-macos-x86_64 | 0.2.4 | 144.00 | OK | |||
r-oldrel-windows-x86_64 | 0.2.4 | 126.00 | 79.00 | 205.00 | OK |
Version: 0.2.4
Check: compiled code
Result: NOTE
File ‘geometries/libs/geometries.so’:
Found non-API call to R: ‘STRING_PTR’
Compiled code should not call non-API entry points in R.
See ‘Writing portable packages’ in the ‘Writing R Extensions’ manual.
See section ‘Moving into C API compliance’ in the ‘Writing R
Extensions’ manual for issues with use of non-API entry points.
Flavors: r-devel-linux-x86_64-debian-clang, r-devel-linux-x86_64-debian-gcc, r-devel-linux-x86_64-fedora-clang, r-devel-linux-x86_64-fedora-gcc
Version: 0.2.4
Check: compiled code
Result: NOTE
File 'geometries/libs/x64/geometries.dll':
Found non-API call to R: 'STRING_PTR'
Compiled code should not call non-API entry points in R.
See 'Writing portable packages' in the 'Writing R Extensions' manual.
See section 'Moving into C API compliance' in the 'Writing R
Extensions' manual for issues with use of non-API entry points.
Flavor: r-devel-windows-x86_64
Version: 0.2.4
Check: installed package size
Result: NOTE
installed size is 5.0Mb
sub-directories of 1Mb or more:
libs 4.6Mb
Flavors: r-release-macos-arm64, r-oldrel-macos-arm64