Last updated on 2024-06-30 00:59:14 CEST.
Flavor | Version | Tinstall | Tcheck | Ttotal | Status | Flags |
---|---|---|---|---|---|---|
r-devel-linux-x86_64-debian-clang | 1.3.0 | 12.43 | 123.97 | 136.40 | NOTE | |
r-devel-linux-x86_64-debian-gcc | 1.3.0 | 11.21 | 88.80 | 100.01 | NOTE | |
r-devel-linux-x86_64-fedora-clang | 1.3.0 | 170.12 | NOTE | |||
r-devel-linux-x86_64-fedora-gcc | 1.3.0 | 160.30 | NOTE | |||
r-devel-windows-x86_64 | 1.3.0 | 12.00 | 100.00 | 112.00 | NOTE | |
r-patched-linux-x86_64 | 1.3.0 | 10.24 | 114.33 | 124.57 | NOTE | |
r-release-linux-x86_64 | 1.3.0 | 9.89 | 116.79 | 126.68 | NOTE | |
r-release-macos-arm64 | 1.3.0 | 45.00 | NOTE | |||
r-release-macos-x86_64 | 1.3.0 | 67.00 | NOTE | |||
r-release-windows-x86_64 | 1.3.0 | 12.00 | 99.00 | 111.00 | NOTE | |
r-oldrel-macos-arm64 | 1.3.0 | 48.00 | OK | |||
r-oldrel-macos-x86_64 | 1.3.0 | 82.00 | OK | |||
r-oldrel-windows-x86_64 | 1.3.0 | 16.00 | 121.00 | 137.00 | OK |
Version: 1.3.0
Check: Rd files
Result: NOTE
checkRd: (-1) gestMultiple.Rd:80: Lost braces in \itemize; meant \describe ?
checkRd: (-1) gestMultiple.Rd:81-83: Lost braces in \itemize; meant \describe ?
checkRd: (-1) gestMultiple.Rd:84-86: Lost braces in \itemize; meant \describe ?
checkRd: (-1) gestMultiple.Rd:87-90: Lost braces in \itemize; meant \describe ?
checkRd: (-1) gestSingle.Rd:74: Lost braces in \itemize; meant \describe ?
checkRd: (-1) gestSingle.Rd:75-78: Lost braces in \itemize; meant \describe ?
checkRd: (-1) gestSingle.Rd:79-80: Lost braces in \itemize; meant \describe ?
checkRd: (-1) gestSingle.Rd:81-84: Lost braces in \itemize; meant \describe ?
Flavors: r-devel-linux-x86_64-debian-clang, r-devel-linux-x86_64-debian-gcc, r-devel-linux-x86_64-fedora-clang, r-devel-linux-x86_64-fedora-gcc, r-devel-windows-x86_64, r-patched-linux-x86_64, r-release-linux-x86_64, r-release-macos-arm64, r-release-macos-x86_64, r-release-windows-x86_64