Last updated on 2024-06-30 00:59:14 CEST.
Flavor | Version | Tinstall | Tcheck | Ttotal | Status | Flags |
---|---|---|---|---|---|---|
r-devel-linux-x86_64-debian-clang | 2.2.0 | 33.64 | 116.67 | 150.31 | OK | |
r-devel-linux-x86_64-debian-gcc | 2.2.0 | 25.93 | 85.56 | 111.49 | OK | |
r-devel-linux-x86_64-fedora-clang | 2.2.0 | 189.52 | NOTE | |||
r-devel-linux-x86_64-fedora-gcc | 2.2.0 | 179.83 | NOTE | |||
r-devel-windows-x86_64 | 2.2.0 | 29.00 | 98.00 | 127.00 | OK | |
r-patched-linux-x86_64 | 2.2.0 | 30.70 | 107.82 | 138.52 | OK | |
r-release-linux-x86_64 | 2.2.0 | 31.38 | 112.85 | 144.23 | OK | |
r-release-macos-arm64 | 2.2.0 | 57.00 | OK | |||
r-release-macos-x86_64 | 2.2.0 | 85.00 | OK | |||
r-release-windows-x86_64 | 2.2.0 | 30.00 | 98.00 | 128.00 | OK | |
r-oldrel-macos-arm64 | 2.2.0 | 65.00 | OK | |||
r-oldrel-macos-x86_64 | 2.2.0 | 136.00 | OK | |||
r-oldrel-windows-x86_64 | 2.2.0 | 38.00 | 119.00 | 157.00 | OK |
Version: 2.2.0
Check: data for non-ASCII characters
Result: NOTE
Note: found 1 marked UTF-8 string
Flavors: r-devel-linux-x86_64-fedora-clang, r-devel-linux-x86_64-fedora-gcc