Last updated on 2024-06-16 11:57:56 CEST.
Flavor | Version | Tinstall | Tcheck | Ttotal | Status | Flags |
---|---|---|---|---|---|---|
r-devel-linux-x86_64-debian-clang | 0.6.2 | 4.92 | 54.07 | 58.99 | OK | |
r-devel-linux-x86_64-debian-gcc | 0.6.2 | 3.92 | 41.23 | 45.15 | OK | |
r-devel-linux-x86_64-fedora-clang | 0.6.2 | 75.70 | NOTE | |||
r-devel-linux-x86_64-fedora-gcc | 0.6.2 | 69.09 | OK | |||
r-devel-windows-x86_64 | 0.6.2 | 7.00 | 61.00 | 68.00 | OK | |
r-patched-linux-x86_64 | 0.6.2 | 5.41 | 51.94 | 57.35 | OK | |
r-release-linux-x86_64 | 0.6.2 | 3.80 | 51.14 | 54.94 | OK | |
r-release-macos-arm64 | 0.6.2 | 25.00 | OK | |||
r-release-macos-x86_64 | 0.6.2 | 37.00 | OK | |||
r-release-windows-x86_64 | 0.6.2 | 8.00 | 61.00 | 69.00 | OK | |
r-oldrel-macos-arm64 | 0.6.2 | 31.00 | OK | |||
r-oldrel-macos-x86_64 | 0.6.2 | 54.00 | OK | |||
r-oldrel-windows-x86_64 | 0.6.2 | 7.00 | 69.00 | 76.00 | OK |
Version: 0.6.2
Check: Rd cross-references
Result: NOTE
Undeclared packages ‘FactoMineR’, ‘ade4’, ‘factoextra’ in Rd xrefs
Flavor: r-devel-linux-x86_64-fedora-clang