Last updated on 2024-06-30 00:59:14 CEST.
Flavor | Version | Tinstall | Tcheck | Ttotal | Status | Flags |
---|---|---|---|---|---|---|
r-devel-linux-x86_64-debian-clang | 0.8.1 | 193.91 | 184.99 | 378.90 | OK | |
r-devel-linux-x86_64-debian-gcc | 0.8.1 | 120.51 | 138.10 | 258.61 | OK | |
r-devel-linux-x86_64-fedora-clang | 0.8.1 | 538.58 | NOTE | |||
r-devel-linux-x86_64-fedora-gcc | 0.8.1 | 565.18 | OK | |||
r-devel-windows-x86_64 | 0.8.1 | 149.00 | 167.00 | 316.00 | NOTE | |
r-patched-linux-x86_64 | 0.8.1 | 148.71 | 176.41 | 325.12 | OK | |
r-release-linux-x86_64 | 0.8.1 | 113.76 | 181.65 | 295.41 | OK | |
r-release-macos-arm64 | 0.8.1 | 110.00 | NOTE | |||
r-release-macos-x86_64 | 0.8.1 | 139.00 | NOTE | |||
r-release-windows-x86_64 | 0.8.1 | 147.00 | 169.00 | 316.00 | NOTE | |
r-oldrel-macos-arm64 | 0.8.1 | 120.00 | NOTE | |||
r-oldrel-macos-x86_64 | 0.8.1 | 220.00 | NOTE | |||
r-oldrel-windows-x86_64 | 0.8.1 | 184.00 | 207.00 | 391.00 | NOTE |
Version: 0.8.1
Check: installed package size
Result: NOTE
installed size is 5.5Mb
sub-directories of 1Mb or more:
doc 3.0Mb
extdata 1.6Mb
Flavors: r-devel-linux-x86_64-fedora-clang, r-devel-windows-x86_64, r-release-macos-arm64, r-release-macos-x86_64, r-release-windows-x86_64, r-oldrel-macos-arm64, r-oldrel-macos-x86_64, r-oldrel-windows-x86_64