Last updated on 2024-06-30 00:59:14 CEST.
Flavor | Version | Tinstall | Tcheck | Ttotal | Status | Flags |
---|---|---|---|---|---|---|
r-devel-linux-x86_64-debian-clang | 1.0.3 | 5.02 | 208.86 | 213.88 | OK | |
r-devel-linux-x86_64-debian-gcc | 1.0.3 | 2.68 | 155.34 | 158.02 | OK | |
r-devel-linux-x86_64-fedora-clang | 1.0.3 | 261.16 | NOTE | |||
r-devel-linux-x86_64-fedora-gcc | 1.0.3 | 271.74 | NOTE | |||
r-devel-windows-x86_64 | 1.0.3 | 5.00 | 175.00 | 180.00 | OK | |
r-patched-linux-x86_64 | 1.0.3 | 4.27 | 205.23 | 209.50 | OK | |
r-release-linux-x86_64 | 1.0.3 | 3.02 | 200.06 | 203.08 | OK | |
r-release-macos-arm64 | 1.0.3 | 76.00 | OK | |||
r-release-macos-x86_64 | 1.0.3 | 134.00 | OK | |||
r-release-windows-x86_64 | 1.0.3 | 6.00 | 173.00 | 179.00 | OK | |
r-oldrel-macos-arm64 | 1.0.3 | 117.00 | OK | |||
r-oldrel-macos-x86_64 | 1.0.3 | 300.00 | OK | |||
r-oldrel-windows-x86_64 | 1.0.3 | 6.00 | 226.00 | 232.00 | OK |
Version: 1.0.3
Check: data for non-ASCII characters
Result: NOTE
Note: found 2356 marked UTF-8 strings
Flavors: r-devel-linux-x86_64-fedora-clang, r-devel-linux-x86_64-fedora-gcc