Last updated on 2024-06-30 00:59:14 CEST.
Flavor | Version | Tinstall | Tcheck | Ttotal | Status | Flags |
---|---|---|---|---|---|---|
r-devel-linux-x86_64-debian-clang | 0.8.10 | 160.26 | 207.72 | 367.98 | OK | |
r-devel-linux-x86_64-debian-gcc | 0.8.10 | 94.18 | 151.35 | 245.53 | OK | |
r-devel-linux-x86_64-fedora-clang | 0.8.10 | 499.97 | OK | |||
r-devel-linux-x86_64-fedora-gcc | 0.8.10 | 496.94 | OK | |||
r-devel-windows-x86_64 | 0.8.10 | 126.00 | 197.00 | 323.00 | OK | |
r-patched-linux-x86_64 | 0.8.10 | 136.91 | 201.09 | 338.00 | OK | |
r-release-linux-x86_64 | 0.8.10 | 125.12 | 195.32 | 320.44 | OK | |
r-release-macos-arm64 | 0.8.10 | 115.00 | NOTE | |||
r-release-macos-x86_64 | 0.8.10 | 181.00 | NOTE | |||
r-release-windows-x86_64 | 0.8.10 | 125.00 | 200.00 | 325.00 | OK | |
r-oldrel-macos-arm64 | 0.8.10 | 117.00 | NOTE | |||
r-oldrel-macos-x86_64 | 0.8.10 | 221.00 | NOTE | |||
r-oldrel-windows-x86_64 | 0.8.10 | 152.00 | 253.00 | 405.00 | OK |
Version: 0.8.10
Check: installed package size
Result: NOTE
installed size is 7.0Mb
sub-directories of 1Mb or more:
libs 4.9Mb
Flavors: r-release-macos-arm64, r-release-macos-x86_64, r-oldrel-macos-arm64, r-oldrel-macos-x86_64