Last updated on 2024-06-30 00:59:14 CEST.
Flavor | Version | Tinstall | Tcheck | Ttotal | Status | Flags |
---|---|---|---|---|---|---|
r-devel-linux-x86_64-debian-clang | 0.6.0 | 19.54 | 301.60 | 321.14 | OK | |
r-devel-linux-x86_64-debian-gcc | 0.6.0 | 12.67 | 216.56 | 229.23 | OK | |
r-devel-linux-x86_64-fedora-clang | 0.6.0 | 387.52 | NOTE | |||
r-devel-linux-x86_64-fedora-gcc | 0.6.0 | 390.88 | OK | |||
r-devel-windows-x86_64 | 0.6.0 | 16.00 | 233.00 | 249.00 | OK | |
r-patched-linux-x86_64 | 0.6.0 | 26.83 | 282.78 | 309.61 | OK | |
r-release-linux-x86_64 | 0.6.0 | 19.05 | 290.51 | 309.56 | OK | |
r-release-macos-arm64 | 0.6.0 | 93.00 | OK | |||
r-release-macos-x86_64 | 0.6.0 | 145.00 | OK | |||
r-release-windows-x86_64 | 0.6.0 | 16.00 | 234.00 | 250.00 | OK | |
r-oldrel-macos-arm64 | 0.6.0 | 119.00 | OK | |||
r-oldrel-macos-x86_64 | 0.6.0 | 194.00 | OK | |||
r-oldrel-windows-x86_64 | 0.6.0 | 20.00 | 308.00 | 328.00 | OK |
Version: 0.6.0
Check: Rd cross-references
Result: NOTE
Undeclared package ‘car’ in Rd xrefs
Flavor: r-devel-linux-x86_64-fedora-clang