Last updated on 2024-06-30 00:59:15 CEST.
Flavor | Version | Tinstall | Tcheck | Ttotal | Status | Flags |
---|---|---|---|---|---|---|
r-devel-linux-x86_64-debian-clang | 1.0.2 | 5.36 | 335.63 | 340.99 | OK | |
r-devel-linux-x86_64-debian-gcc | 1.0.2 | 4.57 | 258.04 | 262.61 | OK | |
r-devel-linux-x86_64-fedora-clang | 1.0.2 | 444.18 | NOTE | |||
r-devel-linux-x86_64-fedora-gcc | 1.0.2 | 440.14 | OK | |||
r-devel-windows-x86_64 | 1.0.2 | 7.00 | 307.00 | 314.00 | OK | |
r-patched-linux-x86_64 | 1.0.2 | 6.70 | 333.57 | 340.27 | OK | |
r-release-linux-x86_64 | 1.0.2 | 7.08 | 337.03 | 344.11 | OK | |
r-release-macos-arm64 | 1.0.2 | 147.00 | OK | |||
r-release-macos-x86_64 | 1.0.2 | 262.00 | OK | |||
r-release-windows-x86_64 | 1.0.2 | 7.00 | 303.00 | 310.00 | OK | |
r-oldrel-macos-arm64 | 1.0.2 | 153.00 | OK | |||
r-oldrel-macos-x86_64 | 1.0.2 | 362.00 | OK | |||
r-oldrel-windows-x86_64 | 1.0.2 | 8.00 | 512.00 | 520.00 | OK |
Version: 1.0.2
Check: Rd cross-references
Result: NOTE
Undeclared package ‘vipor’ in Rd xrefs
Flavor: r-devel-linux-x86_64-fedora-clang