Last updated on 2024-06-16 11:57:57 CEST.
Flavor | Version | Tinstall | Tcheck | Ttotal | Status | Flags |
---|---|---|---|---|---|---|
r-devel-linux-x86_64-debian-clang | 1.3 | 16.71 | 123.14 | 139.85 | OK | |
r-devel-linux-x86_64-debian-gcc | 1.3 | 13.45 | 94.42 | 107.87 | OK | |
r-devel-linux-x86_64-fedora-clang | 1.3 | 177.05 | NOTE | |||
r-devel-linux-x86_64-fedora-gcc | 1.3 | 167.87 | NOTE | |||
r-devel-windows-x86_64 | 1.3 | 14.00 | 104.00 | 118.00 | OK | |
r-patched-linux-x86_64 | 1.3 | 9.64 | 120.85 | 130.49 | OK | |
r-release-linux-x86_64 | 1.3 | 10.06 | 118.73 | 128.79 | OK | |
r-release-macos-arm64 | 1.3 | 50.00 | OK | |||
r-release-macos-x86_64 | 1.3 | 71.00 | OK | |||
r-release-windows-x86_64 | 1.3 | 14.00 | 106.00 | 120.00 | OK | |
r-oldrel-macos-arm64 | 1.3 | 53.00 | OK | |||
r-oldrel-macos-x86_64 | 1.3 | 85.00 | OK | |||
r-oldrel-windows-x86_64 | 1.3 | 18.00 | 122.00 | 140.00 | OK |
Version: 1.3
Check: dependencies in R code
Result: NOTE
Namespaces in Imports field not imported from:
‘nomogramFormula’ ‘survival’
All declared Imports should be used.
Flavors: r-devel-linux-x86_64-fedora-clang, r-devel-linux-x86_64-fedora-gcc