Last updated on 2024-06-16 11:57:57 CEST.
Flavor | Version | Tinstall | Tcheck | Ttotal | Status | Flags |
---|---|---|---|---|---|---|
r-devel-linux-x86_64-debian-clang | 0.1.1 | 36.97 | 76.39 | 113.36 | OK | |
r-devel-linux-x86_64-debian-gcc | 0.1.1 | 29.91 | 60.05 | 89.96 | OK | |
r-devel-linux-x86_64-fedora-clang | 0.1.1 | 163.02 | OK | |||
r-devel-linux-x86_64-fedora-gcc | 0.1.1 | 170.78 | OK | |||
r-devel-windows-x86_64 | 0.1.1 | 33.00 | 94.00 | 127.00 | OK | |
r-patched-linux-x86_64 | 0.1.1 | 30.41 | 75.39 | 105.80 | OK | |
r-release-linux-x86_64 | 0.1.1 | 40.54 | 74.33 | 114.87 | OK | |
r-release-macos-arm64 | 0.1.1 | 48.00 | NOTE | |||
r-release-macos-x86_64 | 0.1.1 | 69.00 | NOTE | |||
r-release-windows-x86_64 | 0.1.1 | 33.00 | 104.00 | 137.00 | OK | |
r-oldrel-macos-arm64 | 0.1.1 | 54.00 | NOTE | |||
r-oldrel-macos-x86_64 | 0.1.1 | 123.00 | NOTE | |||
r-oldrel-windows-x86_64 | 0.1.1 | 41.00 | 114.00 | 155.00 | OK |
Version: 0.1.1
Check: installed package size
Result: NOTE
installed size is 6.2Mb
sub-directories of 1Mb or more:
doc 1.1Mb
libs 4.9Mb
Flavors: r-release-macos-arm64, r-release-macos-x86_64, r-oldrel-macos-arm64, r-oldrel-macos-x86_64