Last updated on 2024-06-30 00:59:15 CEST.
Flavor | Version | Tinstall | Tcheck | Ttotal | Status | Flags |
---|---|---|---|---|---|---|
r-devel-linux-x86_64-debian-clang | 0.1 | 5.82 | 46.70 | 52.52 | NOTE | |
r-devel-linux-x86_64-debian-gcc | 0.1 | 4.67 | 35.59 | 40.26 | NOTE | |
r-devel-linux-x86_64-fedora-clang | 0.1 | 68.06 | NOTE | |||
r-devel-linux-x86_64-fedora-gcc | 0.1 | 63.07 | NOTE | |||
r-devel-windows-x86_64 | 0.1 | 8.00 | 56.00 | 64.00 | NOTE | |
r-patched-linux-x86_64 | 0.1 | 5.94 | 45.69 | 51.63 | NOTE | |
r-release-linux-x86_64 | 0.1 | 5.01 | 46.11 | 51.12 | NOTE | |
r-release-macos-arm64 | 0.1 | 21.00 | NOTE | |||
r-release-macos-x86_64 | 0.1 | 34.00 | NOTE | |||
r-release-windows-x86_64 | 0.1 | 7.00 | 57.00 | 64.00 | NOTE | |
r-oldrel-macos-arm64 | 0.1 | 25.00 | NOTE | |||
r-oldrel-macos-x86_64 | 0.1 | 35.00 | NOTE | |||
r-oldrel-windows-x86_64 | 0.1 | 8.00 | 66.00 | 74.00 | NOTE |
Version: 0.1
Check: LazyData
Result: NOTE
'LazyData' is specified without a 'data' directory
Flavors: r-devel-linux-x86_64-debian-clang, r-devel-linux-x86_64-debian-gcc, r-devel-linux-x86_64-fedora-clang, r-devel-linux-x86_64-fedora-gcc, r-devel-windows-x86_64, r-patched-linux-x86_64, r-release-linux-x86_64, r-release-macos-arm64, r-release-macos-x86_64, r-release-windows-x86_64, r-oldrel-macos-arm64, r-oldrel-macos-x86_64, r-oldrel-windows-x86_64