Last updated on 2024-06-30 00:59:15 CEST.
Flavor | Version | Tinstall | Tcheck | Ttotal | Status | Flags |
---|---|---|---|---|---|---|
r-devel-linux-x86_64-debian-clang | 1.2.2 | 38.19 | 313.11 | 351.30 | NOTE | |
r-devel-linux-x86_64-debian-gcc | 1.2.2 | 22.67 | 225.58 | 248.25 | NOTE | |
r-devel-linux-x86_64-fedora-clang | 1.2.2 | 422.79 | NOTE | |||
r-devel-linux-x86_64-fedora-gcc | 1.2.2 | 403.01 | NOTE | |||
r-devel-windows-x86_64 | 1.2.2 | 25.00 | 207.00 | 232.00 | NOTE | |
r-patched-linux-x86_64 | 1.2.2 | 32.27 | 291.31 | 323.58 | NOTE | |
r-release-linux-x86_64 | 1.2.2 | 33.70 | 304.41 | 338.11 | NOTE | |
r-release-macos-arm64 | 1.2.2 | 91.00 | NOTE | |||
r-release-macos-x86_64 | 1.2.2 | 151.00 | NOTE | |||
r-release-windows-x86_64 | 1.2.2 | 25.00 | 193.00 | 218.00 | NOTE | |
r-oldrel-macos-arm64 | 1.2.2 | 95.00 | OK | |||
r-oldrel-macos-x86_64 | 1.2.2 | 172.00 | OK | |||
r-oldrel-windows-x86_64 | 1.2.2 | 35.00 | 262.00 | 297.00 | OK |
Version: 1.2.2
Check: Rd files
Result: NOTE
checkRd: (-1) significantTau.Rd:48-51: Lost braces in \itemize; \value handles \item{}{} directly
checkRd: (-1) significantTau.Rd:52-53: Lost braces in \itemize; \value handles \item{}{} directly
Flavors: r-devel-linux-x86_64-debian-clang, r-devel-linux-x86_64-debian-gcc, r-devel-linux-x86_64-fedora-clang, r-devel-linux-x86_64-fedora-gcc, r-devel-windows-x86_64, r-patched-linux-x86_64, r-release-linux-x86_64, r-release-macos-arm64, r-release-macos-x86_64, r-release-windows-x86_64