Last updated on 2024-06-30 00:59:15 CEST.
Flavor | Version | Tinstall | Tcheck | Ttotal | Status | Flags |
---|---|---|---|---|---|---|
r-devel-linux-x86_64-debian-clang | 0.5-1 | 31.26 | 242.06 | 273.32 | OK | |
r-devel-linux-x86_64-debian-gcc | 0.5-1 | 26.11 | 173.54 | 199.65 | OK | |
r-devel-linux-x86_64-fedora-clang | 0.5-1 | 362.66 | NOTE | |||
r-devel-linux-x86_64-fedora-gcc | 0.5-1 | 362.72 | NOTE | |||
r-devel-windows-x86_64 | 0.5-1 | 28.00 | 167.00 | 195.00 | OK | |
r-patched-linux-x86_64 | 0.5-1 | 25.83 | 228.57 | 254.40 | OK | |
r-release-linux-x86_64 | 0.5-1 | 23.18 | 229.01 | 252.19 | OK | |
r-release-macos-arm64 | 0.5-1 | 91.00 | OK | |||
r-release-macos-x86_64 | 0.5-1 | 231.00 | OK | |||
r-release-windows-x86_64 | 0.5-1 | 29.00 | 173.00 | 202.00 | OK | |
r-oldrel-macos-arm64 | 0.5-1 | 96.00 | OK | |||
r-oldrel-macos-x86_64 | 0.5-1 | 162.00 | OK | |||
r-oldrel-windows-x86_64 | 0.5-1 | 38.00 | 215.00 | 253.00 | OK |
Version: 0.5-1
Check: dependencies in R code
Result: NOTE
Namespaces in Imports field not imported from:
‘DiceKriging’ ‘rgenoud’
All declared Imports should be used.
Flavors: r-devel-linux-x86_64-fedora-clang, r-devel-linux-x86_64-fedora-gcc