Last updated on 2024-06-30 00:59:15 CEST.
Flavor | Version | Tinstall | Tcheck | Ttotal | Status | Flags |
---|---|---|---|---|---|---|
r-devel-linux-x86_64-debian-clang | 0.11.0 | 43.27 | 71.89 | 115.16 | OK | |
r-devel-linux-x86_64-debian-gcc | 0.11.0 | 31.56 | 54.61 | 86.17 | OK | |
r-devel-linux-x86_64-fedora-clang | 0.11.0 | 151.90 | OK | |||
r-devel-linux-x86_64-fedora-gcc | 0.11.0 | 164.19 | OK | |||
r-devel-windows-x86_64 | 0.11.0 | 37.00 | 95.00 | 132.00 | OK | |
r-patched-linux-x86_64 | 0.11.0 | 38.53 | 68.26 | 106.79 | OK | |
r-release-linux-x86_64 | 0.11.0 | 41.75 | 70.35 | 112.10 | OK | |
r-release-macos-arm64 | 0.11.0 | 51.00 | NOTE | |||
r-release-macos-x86_64 | 0.11.0 | 88.00 | NOTE | |||
r-release-windows-x86_64 | 0.11.0 | 36.00 | 95.00 | 131.00 | OK | |
r-oldrel-macos-arm64 | 0.11.0 | 51.00 | NOTE | |||
r-oldrel-macos-x86_64 | 0.11.0 | 78.00 | NOTE | |||
r-oldrel-windows-x86_64 | 0.11.0 | 41.00 | 106.00 | 147.00 | OK |
Version: 0.11.0
Check: installed package size
Result: NOTE
installed size is 11.2Mb
sub-directories of 1Mb or more:
doc 1.3Mb
libs 9.6Mb
Flavors: r-release-macos-arm64, r-release-macos-x86_64, r-oldrel-macos-arm64, r-oldrel-macos-x86_64