Last updated on 2024-06-30 00:59:15 CEST.
Flavor | Version | Tinstall | Tcheck | Ttotal | Status | Flags |
---|---|---|---|---|---|---|
r-devel-linux-x86_64-debian-clang | 7.0 | 14.08 | 86.03 | 100.11 | OK | |
r-devel-linux-x86_64-debian-gcc | 7.0 | 8.72 | 62.33 | 71.05 | OK | |
r-devel-linux-x86_64-fedora-clang | 7.0 | 122.46 | OK | |||
r-devel-linux-x86_64-fedora-gcc | 7.0 | 112.55 | OK | |||
r-devel-windows-x86_64 | 7.0 | 13.00 | 84.00 | 97.00 | OK | |
r-patched-linux-x86_64 | 7.0 | 11.57 | 79.71 | 91.28 | OK | |
r-release-linux-x86_64 | 7.0 | 6.95 | 79.90 | 86.85 | OK | |
r-release-macos-arm64 | 7.0 | 34.00 | OK | |||
r-release-macos-x86_64 | 7.0 | 84.00 | ERROR | |||
r-release-windows-x86_64 | 7.0 | 13.00 | 84.00 | 97.00 | OK | |
r-oldrel-macos-arm64 | 7.0 | 36.00 | OK | |||
r-oldrel-macos-x86_64 | 7.0 | 69.00 | ERROR | |||
r-oldrel-windows-x86_64 | 7.0 | 15.00 | 98.00 | 113.00 | OK |
Version: 7.0
Check: examples
Result: ERROR
Running examples in ‘gluvarpro-Ex.R’ failed
The error most likely occurred in:
> ### Name: preprocessgvp
> ### Title: preprocessing raw data from continuous glucose monitoring
> ### Aliases: preprocessgvp
>
> ### ** Examples
>
> data("datagvp4")
> preprocessgvp(datagvp4)
Error in preprocessgvp(datagvp4) :
Variable date and time must have yyyy/mm/dd and hh:mm:ss format.
Execution halted
Flavors: r-release-macos-x86_64, r-oldrel-macos-x86_64