Last updated on 2024-06-30 00:59:15 CEST.
Flavor | Version | Tinstall | Tcheck | Ttotal | Status | Flags |
---|---|---|---|---|---|---|
r-devel-linux-x86_64-debian-clang | 0.11.3 | 23.43 | 177.46 | 200.89 | NOTE | |
r-devel-linux-x86_64-debian-gcc | 0.11.3 | 19.51 | 129.43 | 148.94 | NOTE | |
r-devel-linux-x86_64-fedora-clang | 0.11.3 | 256.04 | NOTE | |||
r-devel-linux-x86_64-fedora-gcc | 0.11.3 | 257.21 | NOTE | |||
r-devel-windows-x86_64 | 0.11.3 | 31.00 | 161.00 | 192.00 | NOTE | |
r-patched-linux-x86_64 | 0.11.3 | 35.26 | 173.79 | 209.05 | NOTE | |
r-release-linux-x86_64 | 0.11.3 | 26.27 | 173.27 | 199.54 | NOTE | |
r-release-macos-arm64 | 0.11.3 | 72.00 | NOTE | |||
r-release-macos-x86_64 | 0.11.3 | 111.00 | NOTE | |||
r-release-windows-x86_64 | 0.11.3 | 26.00 | 161.00 | 187.00 | NOTE | |
r-oldrel-macos-arm64 | 0.11.3 | 75.00 | OK | |||
r-oldrel-macos-x86_64 | 0.11.3 | 154.00 | OK | |||
r-oldrel-windows-x86_64 | 0.11.3 | 32.00 | 198.00 | 230.00 | OK |
Version: 0.11.3
Check: Rd files
Result: NOTE
checkRd: (-1) Maf.data.frame.Rd:65: Lost braces
65 | the lag distance to take. \%For other options see code{getEmpVariogramSlice}.}
| ^
checkRd: (-1) NGSAustralia.Rd:114: Lost braces; missing escapes or markup?
114 | \item{MRB}{obtained from simplifying the major crustal boundaries of {Korsch2015a, Korsch2015b}}
| ^
Flavors: r-devel-linux-x86_64-debian-clang, r-devel-linux-x86_64-debian-gcc, r-devel-linux-x86_64-fedora-clang, r-devel-linux-x86_64-fedora-gcc, r-devel-windows-x86_64, r-patched-linux-x86_64, r-release-linux-x86_64, r-release-macos-arm64, r-release-macos-x86_64, r-release-windows-x86_64
Version: 0.11.3
Check: data for non-ASCII characters
Result: NOTE
Note: found 2629 marked UTF-8 strings
Flavors: r-devel-linux-x86_64-fedora-clang, r-devel-linux-x86_64-fedora-gcc