Last updated on 2024-06-30 00:59:15 CEST.
Flavor | Version | Tinstall | Tcheck | Ttotal | Status | Flags |
---|---|---|---|---|---|---|
r-devel-linux-x86_64-debian-clang | 1.6.8 | 256.96 | 139.20 | 396.16 | OK | |
r-devel-linux-x86_64-debian-gcc | 1.6.8 | 164.00 | 98.00 | 262.00 | OK | |
r-devel-linux-x86_64-fedora-clang | 1.6.8 | 563.14 | OK | |||
r-devel-linux-x86_64-fedora-gcc | 1.6.8 | 577.37 | OK | |||
r-devel-windows-x86_64 | 1.6.8 | 194.00 | 131.00 | 325.00 | OK | |
r-patched-linux-x86_64 | 1.6.8 | 212.17 | 129.65 | 341.82 | OK | |
r-release-linux-x86_64 | 1.6.8 | 204.28 | 130.66 | 334.94 | OK | |
r-release-macos-arm64 | 1.6.8 | 115.00 | NOTE | |||
r-release-macos-x86_64 | 1.6.8 | 136.00 | NOTE | |||
r-release-windows-x86_64 | 1.6.8 | 190.00 | 129.00 | 319.00 | OK | |
r-oldrel-macos-arm64 | 1.6.8 | 112.00 | NOTE | |||
r-oldrel-macos-x86_64 | 1.6.8 | 175.00 | NOTE | |||
r-oldrel-windows-x86_64 | 1.6.8 | 236.00 | 157.00 | 393.00 | OK |
Version: 1.6.8
Check: installed package size
Result: NOTE
installed size is 7.4Mb
sub-directories of 1Mb or more:
libs 5.7Mb
Flavors: r-release-macos-arm64, r-release-macos-x86_64, r-oldrel-macos-arm64, r-oldrel-macos-x86_64